Last updated on 2023-12-01 04:54:01 CET.
Flavor | Version | Tinstall | Tcheck | Ttotal | Status | Flags |
---|---|---|---|---|---|---|
r-devel-linux-x86_64-debian-clang | 4.4-0 | 75.49 | 568.31 | 643.80 | NOTE | |
r-devel-linux-x86_64-debian-gcc | 4.4-0 | 60.78 | 398.01 | 458.79 | NOTE | |
r-devel-linux-x86_64-fedora-clang | 4.4-0 | 821.53 | NOTE | |||
r-devel-linux-x86_64-fedora-gcc | 4.4-0 | 823.17 | NOTE | |||
r-devel-windows-x86_64 | 4.4-0 | 62.00 | 358.00 | 420.00 | NOTE | |
r-patched-linux-x86_64 | 4.4-0 | 95.52 | 528.98 | 624.50 | NOTE | |
r-release-linux-x86_64 | 4.4-0 | 68.35 | 524.48 | 592.83 | NOTE | |
r-release-macos-arm64 | 4.4-0 | 187.00 | NOTE | |||
r-release-macos-x86_64 | 4.4-0 | 461.00 | NOTE | |||
r-release-windows-x86_64 | 4.4-0 | 88.00 | 504.00 | 592.00 | NOTE | |
r-oldrel-macos-arm64 | 4.4-0 | 154.00 | NOTE | |||
r-oldrel-macos-x86_64 | 4.4-0 | 377.00 | NOTE | |||
r-oldrel-windows-x86_64 | 4.4-0 | 85.00 | 479.00 | 564.00 | NOTE |
Version: 4.4-0
Check: package dependencies
Result: NOTE
Packages suggested but not available for checking: 'Rcgmin', 'Rvmmin'
Flavors: r-devel-linux-x86_64-debian-clang, r-devel-linux-x86_64-debian-gcc, r-devel-linux-x86_64-fedora-clang, r-devel-linux-x86_64-fedora-gcc, r-patched-linux-x86_64, r-release-linux-x86_64
Version: 4.4-0
Check: Rd files
Result: NOTE
checkRd: (-1) conv.wald.Rd:109: Lost braces; missing escapes or markup?
109 | Note that the back-calculated sampling variance for study 2 is not identical in these two examples, because the CI bounds and p-value are rounded to two decimal places, which introduces some inaccuracies. Also, if both (\code{ci.lb}, \code{ci.ub}) and either \code{zval} or {pval} is available for a study, then the back-calculation of \mjseqn{v_i} via the confidence interval is preferred.
| ^
Flavors: r-devel-linux-x86_64-debian-clang, r-devel-linux-x86_64-debian-gcc
Version: 4.4-0
Check: Rd cross-references
Result: NOTE
Unknown packages ‘Rcgmin’, ‘Rvmmin’ in Rd xrefs
Flavors: r-devel-linux-x86_64-debian-clang, r-devel-linux-x86_64-debian-gcc, r-devel-linux-x86_64-fedora-clang, r-devel-linux-x86_64-fedora-gcc, r-patched-linux-x86_64, r-release-linux-x86_64
Version: 4.4-0
Check: installed package size
Result: NOTE
installed size is 5.2Mb
sub-directories of 1Mb or more:
R 2.0Mb
help 2.3Mb
Flavors: r-devel-linux-x86_64-fedora-clang, r-devel-windows-x86_64, r-release-macos-arm64, r-release-macos-x86_64, r-release-windows-x86_64, r-oldrel-macos-arm64, r-oldrel-macos-x86_64, r-oldrel-windows-x86_64