CRAN Package Check Results for Package metacoder

Last updated on 2020-08-08 03:50:46 CEST.

Flavor Version Tinstall Tcheck Ttotal Status Flags
r-devel-linux-x86_64-debian-clang 0.3.4 28.54 123.90 152.44 OK
r-devel-linux-x86_64-debian-gcc 0.3.4 22.82 92.44 115.26 OK
r-devel-linux-x86_64-fedora-clang 0.3.4 190.30 NOTE
r-devel-linux-x86_64-fedora-gcc 0.3.4 183.43 NOTE
r-devel-windows-ix86+x86_64 0.3.4 55.00 260.00 315.00 OK
r-patched-linux-x86_64 0.3.4 23.53 120.60 144.13 OK
r-patched-solaris-x86 0.3.4 216.20 NOTE
r-release-linux-x86_64 0.3.4 23.19 120.09 143.28 OK
r-release-macos-x86_64 0.3.4 NOTE
r-release-windows-ix86+x86_64 0.3.4 80.00 191.00 271.00 OK
r-oldrel-macos-x86_64 0.3.4 NOTE
r-oldrel-windows-ix86+x86_64 0.3.4 50.00 182.00 232.00 OK

Check Details

Version: 0.3.4
Check: package dependencies
Result: NOTE
    Imports includes 30 non-default packages.
    Importing from so many packages makes the package vulnerable to any of
    them becoming unavailable. Move as many as possible to Suggests and
    use conditionally.
Flavor: r-devel-linux-x86_64-fedora-clang

Version: 0.3.4
Check: dependencies in R code
Result: NOTE
    Namespaces in Imports field not imported from:
     ‘ggrepel’ ‘reshape’ ‘svglite’
     All declared Imports should be used.
Flavors: r-devel-linux-x86_64-fedora-clang, r-devel-linux-x86_64-fedora-gcc, r-patched-solaris-x86, r-release-macos-x86_64, r-oldrel-macos-x86_64