CRAN Package Check Results for Package metaSurvival

Last updated on 2024-02-27 16:49:21 CET.

Flavor Version Tinstall Tcheck Ttotal Status Flags
r-devel-linux-x86_64-debian-clang 0.1.0 2.80 23.36 26.16 OK
r-devel-linux-x86_64-debian-gcc 0.1.0 1.92 18.40 20.32 OK
r-devel-linux-x86_64-fedora-clang 0.1.0 33.22 NOTE
r-devel-linux-x86_64-fedora-gcc 0.1.0 31.32 NOTE
r-devel-windows-x86_64 0.1.0 3.00 42.00 45.00 OK
r-patched-linux-x86_64 0.1.0 2.45 23.10 25.55 OK
r-release-linux-x86_64 0.1.0 2.00 23.43 25.43 OK
r-release-macos-arm64 0.1.0 16.00 OK
r-release-macos-x86_64 0.1.0 20.00 OK
r-release-windows-x86_64 0.1.0 4.00 38.00 42.00 OK
r-oldrel-macos-arm64 0.1.0 4.00 OK
r-oldrel-windows-x86_64 0.1.0 4.00 44.00 48.00 OK

Check Details

Version: 0.1.0
Check: dependencies in R code
Result: NOTE Namespace in Imports field not imported from: ‘survival’ All declared Imports should be used. Flavors: r-devel-linux-x86_64-fedora-clang, r-devel-linux-x86_64-fedora-gcc