CRAN Package Check Results for Package meta4diag

Last updated on 2020-08-11 15:48:42 CEST.

Flavor Version Tinstall Tcheck Ttotal Status Flags
r-devel-linux-x86_64-debian-clang 2.0.8 13.32 75.26 88.58 NOTE
r-devel-linux-x86_64-debian-gcc 2.0.8 11.82 57.57 69.39 NOTE
r-devel-linux-x86_64-fedora-clang 2.0.8 115.89 OK
r-devel-linux-x86_64-fedora-gcc 2.0.8 106.08 OK
r-devel-windows-ix86+x86_64 2.0.8 27.00 121.00 148.00 OK
r-patched-linux-x86_64 2.0.8 13.60 74.29 87.89 NOTE
r-patched-solaris-x86 2.0.8 143.40 NOTE
r-release-linux-x86_64 2.0.8 12.62 74.20 86.82 NOTE
r-release-macos-x86_64 2.0.8 NOTE
r-release-windows-ix86+x86_64 2.0.8 33.00 113.00 146.00 OK
r-oldrel-macos-x86_64 2.0.8 NOTE
r-oldrel-windows-ix86+x86_64 2.0.8 24.00 83.00 107.00 OK

Check Details

Version: 2.0.8
Check: package dependencies
Result: NOTE
    Package suggested but not available for checking: 'INLA'
Flavors: r-devel-linux-x86_64-debian-clang, r-devel-linux-x86_64-debian-gcc, r-patched-linux-x86_64, r-patched-solaris-x86, r-release-linux-x86_64, r-release-macos-x86_64, r-oldrel-macos-x86_64