CRAN Package Check Results for Package merTools

Last updated on 2020-08-10 06:47:33 CEST.

Flavor Version Tinstall Tcheck Ttotal Status Flags
r-devel-linux-x86_64-debian-clang 0.5.2 16.46 199.48 215.94 OK
r-devel-linux-x86_64-debian-gcc 0.5.2 13.86 155.81 169.67 OK
r-devel-linux-x86_64-fedora-clang 0.5.2 260.41 OK
r-devel-linux-x86_64-fedora-gcc 0.5.2 252.39 OK
r-devel-windows-ix86+x86_64 0.5.2 52.00 303.00 355.00 OK --no-vignettes
r-patched-linux-x86_64 0.5.2 12.27 193.51 205.78 NOTE
r-patched-solaris-x86 0.5.2 359.70 OK
r-release-linux-x86_64 0.5.2 12.36 189.94 202.30 OK
r-release-macos-x86_64 0.5.2 OK
r-release-windows-ix86+x86_64 0.5.2 65.00 224.00 289.00 OK --no-vignettes
r-oldrel-macos-x86_64 0.5.2 OK
r-oldrel-windows-ix86+x86_64 0.5.2 27.00 259.00 286.00 OK --no-vignettes

Check Details

Version: 0.5.2
Check: package dependencies
Result: NOTE
    Package suggested but not available for checking: ‘rstanarm’
Flavor: r-patched-linux-x86_64