CRAN Package Check Results for Package memochange

Last updated on 2020-08-07 15:48:48 CEST.

Flavor Version Tinstall Tcheck Ttotal Status Flags
r-devel-linux-x86_64-debian-clang 1.1.1 5.48 130.28 135.76 OK
r-devel-linux-x86_64-debian-gcc 1.1.1 4.47 90.68 95.15 OK
r-devel-linux-x86_64-fedora-clang 1.1.1 162.27 NOTE
r-devel-linux-x86_64-fedora-gcc 1.1.1 156.84 NOTE
r-devel-windows-ix86+x86_64 1.1.1 16.00 132.00 148.00 OK
r-patched-linux-x86_64 1.1.1 5.24 126.62 131.86 OK
r-patched-solaris-x86 1.1.1 194.90 NOTE
r-release-linux-x86_64 1.1.1 4.67 129.21 133.88 OK
r-release-macos-x86_64 1.1.1 NOTE
r-release-windows-ix86+x86_64 1.1.1 16.00 168.00 184.00 OK
r-oldrel-macos-x86_64 1.1.1 NOTE
r-oldrel-windows-ix86+x86_64 1.1.1 8.00 121.00 129.00 OK

Check Details

Version: 1.1.1
Check: dependencies in R code
Result: NOTE
    Namespace in Imports field not imported from: ‘urca’
     All declared Imports should be used.
Flavors: r-devel-linux-x86_64-fedora-clang, r-devel-linux-x86_64-fedora-gcc, r-patched-solaris-x86, r-release-macos-x86_64, r-oldrel-macos-x86_64