Last updated on 2023-12-03 16:51:44 CET.
Flavor | Version | Tinstall | Tcheck | Ttotal | Status | Flags |
---|---|---|---|---|---|---|
r-devel-linux-x86_64-debian-clang | 1.10.0 | 388.48 | 322.55 | 711.03 | OK | |
r-devel-linux-x86_64-debian-gcc | 1.10.0 | 305.31 | 252.53 | 557.84 | OK | |
r-devel-linux-x86_64-fedora-clang | 1.10.0 | 1000.39 | OK | |||
r-devel-linux-x86_64-fedora-gcc | 1.10.0 | 1131.13 | OK | |||
r-devel-windows-x86_64 | 1.10.0 | 287.00 | 366.00 | 653.00 | OK | |
r-patched-linux-x86_64 | 1.10.0 | 333.13 | 332.66 | 665.79 | OK | |
r-release-linux-x86_64 | 1.10.0 | 366.90 | 332.42 | 699.32 | OK | |
r-release-macos-arm64 | 1.10.0 | 279.00 | NOTE | |||
r-release-macos-x86_64 | 1.10.0 | 510.00 | NOTE | |||
r-release-windows-x86_64 | 1.10.0 | 378.00 | 427.00 | 805.00 | OK | |
r-oldrel-macos-arm64 | 1.10.0 | 283.00 | NOTE | |||
r-oldrel-macos-x86_64 | 1.10.0 | 330.00 | NOTE | |||
r-oldrel-windows-x86_64 | 1.10.0 | 344.00 | 387.00 | 731.00 | OK |
Version: 1.10.0
Check: installed package size
Result: NOTE
installed size is 147.4Mb
sub-directories of 1Mb or more:
libs 145.9Mb
Flavors: r-release-macos-arm64, r-release-macos-x86_64, r-oldrel-macos-arm64, r-oldrel-macos-x86_64