CRAN Package Check Results for Package medfate

Last updated on 2020-05-25 15:49:04 CEST.

Flavor Version Tinstall Tcheck Ttotal Status Flags
r-devel-linux-x86_64-debian-clang 1.0.0 337.98 317.27 655.25 OK
r-devel-linux-x86_64-debian-gcc 1.0.0 333.03 237.69 570.72 OK
r-devel-linux-x86_64-fedora-clang 1.0.0 764.32 NOTE
r-devel-linux-x86_64-fedora-gcc 1.0.0 1100.44 OK
r-devel-windows-ix86+x86_64 1.0.0 745.00 398.00 1143.00 NOTE
r-patched-linux-x86_64 1.0.0 416.27 315.76 732.03 OK
r-patched-solaris-x86 1.0.0 961.60 NOTE
r-release-linux-x86_64 1.0.0 397.80 313.51 711.31 OK
r-release-osx-x86_64 1.0.0 NOTE
r-release-windows-ix86+x86_64 1.0.0 539.00 386.00 925.00 NOTE
r-oldrel-osx-x86_64 1.0.0 NOTE
r-oldrel-windows-ix86+x86_64 1.0.0 576.00 420.00 996.00 NOTE

Check Details

Version: 1.0.0
Check: installed package size
Result: NOTE
     installed size is 39.3Mb
     sub-directories of 1Mb or more:
     doc 2.9Mb
     libs 35.6Mb
Flavors: r-devel-linux-x86_64-fedora-clang, r-devel-windows-ix86+x86_64, r-patched-solaris-x86, r-release-osx-x86_64, r-release-windows-ix86+x86_64, r-oldrel-osx-x86_64, r-oldrel-windows-ix86+x86_64