CRAN Package Check Results for Package meaRtools

Last updated on 2020-05-25 15:49:04 CEST.

Flavor Version Tinstall Tcheck Ttotal Status Flags
r-devel-linux-x86_64-debian-clang 1.0.4 46.61 453.06 499.67 OK
r-devel-linux-x86_64-debian-gcc 1.0.4 33.40 325.66 359.06 OK
r-devel-linux-x86_64-fedora-clang 1.0.4 592.72 NOTE
r-devel-linux-x86_64-fedora-gcc 1.0.4 586.04 OK
r-devel-windows-ix86+x86_64 1.0.4 108.00 392.00 500.00 NOTE
r-patched-linux-x86_64 1.0.4 37.54 424.84 462.38 OK
r-patched-solaris-x86 1.0.4 759.80 OK
r-release-linux-x86_64 1.0.4 36.99 428.65 465.64 OK
r-release-osx-x86_64 1.0.4 OK
r-release-windows-ix86+x86_64 1.0.4 95.00 564.00 659.00 NOTE
r-oldrel-osx-x86_64 1.0.4 FAIL
r-oldrel-windows-ix86+x86_64 1.0.4 84.00 542.00 626.00 NOTE

Check Details

Version: 1.0.4
Check: installed package size
Result: NOTE
     installed size is 5.2Mb
     sub-directories of 1Mb or more:
     extdata 2.6Mb
     libs 1.3Mb
Flavors: r-devel-linux-x86_64-fedora-clang, r-devel-windows-ix86+x86_64, r-release-windows-ix86+x86_64, r-oldrel-windows-ix86+x86_64

Version: 1.0.4
Check: whether package can be installed
Result: FAIL
Flavor: r-oldrel-osx-x86_64