Last updated on 2023-12-04 05:09:11 CET.
Flavor | Version | Tinstall | Tcheck | Ttotal | Status | Flags |
---|---|---|---|---|---|---|
r-devel-linux-x86_64-debian-clang | 1.8-7 | 89.84 | 152.87 | 242.71 | NOTE | |
r-devel-linux-x86_64-debian-gcc | 1.8-7 | 59.75 | 113.11 | 172.86 | NOTE | |
r-devel-linux-x86_64-fedora-clang | 1.8-7 | 324.65 | OK | |||
r-devel-linux-x86_64-fedora-gcc | 1.8-7 | 305.57 | OK | |||
r-devel-windows-x86_64 | 1.8-7 | 73.00 | 133.00 | 206.00 | OK | |
r-patched-linux-x86_64 | 1.8-7 | 57.93 | 144.00 | 201.93 | OK | |
r-release-linux-x86_64 | 1.8-7 | 67.35 | 146.39 | 213.74 | OK | |
r-release-macos-arm64 | 1.8-7 | 61.00 | OK | |||
r-release-macos-x86_64 | 1.8-7 | 101.00 | OK | |||
r-release-windows-x86_64 | 1.8-7 | 77.00 | 169.00 | 246.00 | OK | |
r-oldrel-macos-arm64 | 1.8-7 | 49.00 | OK | |||
r-oldrel-macos-x86_64 | 1.8-7 | 73.00 | OK | |||
r-oldrel-windows-x86_64 | 1.8-7 | 75.00 | 160.00 | 235.00 | OK |
Version: 1.8-7
Check: Rd files
Result: NOTE
checkRd: (-1) data.mb.Rd:76: Lost braces
76 | level-1 variables code{y}, \code{x} and the level-2 variable \code{w}.
| ^
Flavors: r-devel-linux-x86_64-debian-clang, r-devel-linux-x86_64-debian-gcc