CRAN Package Check Results for Package mcradds

Last updated on 2024-04-20 05:03:17 CEST.

Flavor Version Tinstall Tcheck Ttotal Status Flags
r-devel-linux-x86_64-debian-clang 1.1.0 21.43 244.64 266.07 OK
r-devel-linux-x86_64-debian-gcc 1.1.0 OK
r-devel-linux-x86_64-fedora-clang 1.1.0 342.43 NOTE
r-devel-linux-x86_64-fedora-gcc 1.1.0 337.30 OK
r-prerel-macos-arm64 1.1.0 93.00 OK
r-prerel-windows-x86_64 1.1.0 17.00 182.00 199.00 OK
r-patched-linux-x86_64 1.1.0 17.92 229.94 247.86 OK
r-release-linux-x86_64 1.1.0 14.47 231.07 245.54 OK
r-release-macos-arm64 1.1.0 89.00 OK
r-release-macos-x86_64 1.1.0 169.00 OK
r-release-windows-x86_64 1.1.0 21.00 231.00 252.00 OK
r-oldrel-macos-arm64 1.1.0 84.00 OK
r-oldrel-windows-x86_64 1.1.0 24.00 228.00 252.00 OK

Check Details

Version: 1.1.0
Check: Rd cross-references
Result: NOTE Undeclared package ‘cli’ in Rd xrefs Flavor: r-devel-linux-x86_64-fedora-clang