CRAN Package Check Results for Package mclustAddons

Last updated on 2023-12-07 16:49:37 CET.

Flavor Version Tinstall Tcheck Ttotal Status Flags
r-devel-linux-x86_64-debian-clang 0.7.2 43.90 213.45 257.35 NOTE
r-devel-linux-x86_64-debian-gcc 0.7.2 30.82 141.59 172.41 NOTE
r-devel-linux-x86_64-fedora-clang 0.7.2 343.53 NOTE
r-devel-linux-x86_64-fedora-gcc 0.7.2 327.90 NOTE
r-devel-windows-x86_64 0.7.2 39.00 220.00 259.00 NOTE
r-patched-linux-x86_64 0.7.2 47.42 194.36 241.78 NOTE
r-release-linux-x86_64 0.7.2 47.42 189.50 236.92 NOTE
r-release-macos-arm64 0.7.2 165.00 NOTE
r-release-macos-x86_64 0.7.2 158.00 NOTE
r-release-windows-x86_64 0.7.2 50.00 244.00 294.00 NOTE
r-oldrel-macos-arm64 0.7.2 154.00 OK
r-oldrel-macos-x86_64 0.7.2 114.00 OK
r-oldrel-windows-x86_64 0.7.2 48.00 254.00 302.00 OK

Check Details

Version: 0.7.2
Check: C++ specification
Result: NOTE Specified C++14: please drop specification unless essential Flavors: r-devel-linux-x86_64-debian-clang, r-devel-linux-x86_64-debian-gcc, r-devel-linux-x86_64-fedora-clang, r-devel-linux-x86_64-fedora-gcc, r-devel-windows-x86_64, r-patched-linux-x86_64, r-release-linux-x86_64, r-release-macos-arm64, r-release-macos-x86_64, r-release-windows-x86_64