CRAN Package Check Results for Package mclust

Last updated on 2020-10-24 15:46:40 CEST.

Flavor Version Tinstall Tcheck Ttotal Status Flags
r-devel-linux-x86_64-debian-clang 5.4.6 39.47 234.94 274.41 OK
r-devel-linux-x86_64-debian-gcc 5.4.6 33.51 161.46 194.97 OK
r-devel-linux-x86_64-fedora-clang 5.4.6 331.57 NOTE
r-devel-linux-x86_64-fedora-gcc 5.4.6 323.08 OK
r-devel-windows-ix86+x86_64 5.4.6 77.00 382.00 459.00 NOTE
r-patched-linux-x86_64 5.4.6 38.89 215.32 254.21 OK
r-patched-solaris-x86 5.4.6 429.00 NOTE
r-release-linux-x86_64 5.4.6 37.39 216.33 253.72 OK
r-release-macos-x86_64 5.4.6 NOTE
r-release-windows-ix86+x86_64 5.4.6 62.00 283.00 345.00 NOTE
r-oldrel-macos-x86_64 5.4.6 NOTE
r-oldrel-windows-ix86+x86_64 5.4.6 74.00 373.00 447.00 NOTE

Check Details

Version: 5.4.6
Check: installed package size
Result: NOTE
     installed size is 5.8Mb
     sub-directories of 1Mb or more:
     doc 3.0Mb
Flavors: r-devel-linux-x86_64-fedora-clang, r-devel-windows-ix86+x86_64, r-patched-solaris-x86, r-release-macos-x86_64, r-release-windows-ix86+x86_64, r-oldrel-macos-x86_64, r-oldrel-windows-ix86+x86_64