CRAN Package Check Results for Package mc.heterogeneity

Last updated on 2020-08-13 03:48:15 CEST.

Flavor Version Tinstall Tcheck Ttotal Status Flags
r-devel-linux-x86_64-debian-clang 0.1.1 6.10 63.87 69.97 OK
r-devel-linux-x86_64-debian-gcc 0.1.1 6.02 49.41 55.43 OK
r-devel-linux-x86_64-fedora-clang 0.1.1 92.31 NOTE
r-devel-linux-x86_64-fedora-gcc 0.1.1 83.04 NOTE
r-devel-windows-ix86+x86_64 0.1.1 21.00 91.00 112.00 OK
r-patched-linux-x86_64 0.1.1 8.02 62.00 70.02 OK
r-patched-solaris-x86 0.1.1 129.60 NOTE
r-release-linux-x86_64 0.1.1 7.80 62.09 69.89 OK
r-release-macos-x86_64 0.1.1 NOTE
r-release-windows-ix86+x86_64 0.1.1 20.00 92.00 112.00 OK
r-oldrel-macos-x86_64 0.1.1 NOTE
r-oldrel-windows-ix86+x86_64 0.1.1 14.00 74.00 88.00 OK

Check Details

Version: 0.1.1
Check: dependencies in R code
Result: NOTE
    Namespace in Imports field not imported from: ‘boot.heterogeneity’
     All declared Imports should be used.
Flavors: r-devel-linux-x86_64-fedora-clang, r-devel-linux-x86_64-fedora-gcc, r-patched-solaris-x86, r-release-macos-x86_64, r-oldrel-macos-x86_64