Last updated on 2023-12-07 04:56:28 CET.
Flavor | Version | Tinstall | Tcheck | Ttotal | Status | Flags |
---|---|---|---|---|---|---|
r-devel-linux-x86_64-debian-clang | 1.1.9 | 313.08 | 100.95 | 414.03 | OK | |
r-devel-linux-x86_64-debian-gcc | 1.1.9 | 202.40 | 75.73 | 278.13 | OK | |
r-devel-linux-x86_64-fedora-clang | 1.1.9 | 596.39 | OK | |||
r-devel-linux-x86_64-fedora-gcc | 1.1.9 | 579.56 | OK | |||
r-devel-windows-x86_64 | 1.1.9 | 214.00 | 164.00 | 378.00 | OK | |
r-patched-linux-x86_64 | 1.1.9 | 253.40 | 99.91 | 353.31 | OK | |
r-release-linux-x86_64 | 1.1.9 | 254.22 | 99.42 | 353.64 | OK | |
r-release-macos-arm64 | 1.1.9 | 107.00 | NOTE | |||
r-release-macos-x86_64 | 1.1.9 | 140.00 | NOTE | |||
r-release-windows-x86_64 | 1.1.9 | 270.00 | 192.00 | 462.00 | OK | |
r-oldrel-macos-arm64 | 1.1.9 | 100.00 | NOTE | |||
r-oldrel-macos-x86_64 | 1.1.9 | 156.00 | NOTE | |||
r-oldrel-windows-x86_64 | 1.1.9 | 252.00 | 150.00 | 402.00 | OK |
Version: 1.1.9
Check: installed package size
Result: NOTE
installed size is 14.1Mb
sub-directories of 1Mb or more:
libs 13.2Mb
Flavors: r-release-macos-arm64, r-release-macos-x86_64, r-oldrel-macos-arm64, r-oldrel-macos-x86_64