CRAN Package Check Results for Package matrixStats

Last updated on 2020-07-13 15:48:34 CEST.

Flavor Version Tinstall Tcheck Ttotal Status Flags
r-devel-linux-x86_64-debian-clang 0.56.0 171.21 190.50 361.71 OK
r-devel-linux-x86_64-debian-gcc 0.56.0 122.79 144.70 267.49 OK
r-devel-linux-x86_64-fedora-clang 0.56.0 477.79 NOTE
r-devel-linux-x86_64-fedora-gcc 0.56.0 454.44 OK
r-devel-windows-ix86+x86_64 0.56.0 427.00 499.00 926.00 NOTE
r-patched-linux-x86_64 0.56.0 126.61 186.28 312.89 OK
r-patched-solaris-x86 0.56.0 891.10 NOTE
r-release-linux-x86_64 0.56.0 125.20 188.85 314.05 OK
r-release-macos-x86_64 0.56.0 ERROR
r-release-windows-ix86+x86_64 0.56.0 425.00 487.00 912.00 NOTE
r-oldrel-macos-x86_64 0.56.0 NOTE
r-oldrel-windows-ix86+x86_64 0.56.0 422.00 326.00 748.00 NOTE

Check Details

Version: 0.56.0
Check: installed package size
Result: NOTE
     installed size is 10.6Mb
     sub-directories of 1Mb or more:
     libs 9.8Mb
Flavors: r-devel-linux-x86_64-fedora-clang, r-devel-windows-ix86+x86_64, r-patched-solaris-x86, r-release-windows-ix86+x86_64, r-oldrel-macos-x86_64, r-oldrel-windows-ix86+x86_64

Version: 0.56.0
Check: whether package can be installed
Result: ERROR
    Installation failed.
Flavor: r-release-macos-x86_64