CRAN Package Check Results for Package match2C

Last updated on 2020-10-25 15:48:50 CET.

Flavor Version Tinstall Tcheck Ttotal Status Flags
r-devel-linux-x86_64-debian-clang 0.1.0 18.34 41.66 60.00 OK
r-devel-linux-x86_64-debian-gcc 0.1.0 12.09 31.73 43.82 OK
r-devel-linux-x86_64-fedora-clang 0.1.0 86.22 NOTE
r-devel-linux-x86_64-fedora-gcc 0.1.0 72.71 NOTE
r-devel-windows-ix86+x86_64 0.1.0 44.00 105.00 149.00 OK
r-patched-linux-x86_64 0.1.0 19.54 38.93 58.47 OK
r-patched-solaris-x86 0.1.0 90.80 NOTE
r-release-linux-x86_64 0.1.0 18.10 37.99 56.09 OK
r-release-macos-x86_64 0.1.0 NOTE
r-release-windows-ix86+x86_64 0.1.0 35.00 66.00 101.00 OK
r-oldrel-macos-x86_64 0.1.0 NOTE
r-oldrel-windows-ix86+x86_64 0.1.0 40.00 86.00 126.00 OK

Check Details

Version: 0.1.0
Check: dependencies in R code
Result: NOTE
    Namespace in Imports field not imported from: ‘Rcpp’
     All declared Imports should be used.
Flavors: r-devel-linux-x86_64-fedora-clang, r-devel-linux-x86_64-fedora-gcc, r-patched-solaris-x86, r-release-macos-x86_64, r-oldrel-macos-x86_64