CRAN Package Check Results for Package matahari

Last updated on 2024-03-01 16:49:24 CET.

Flavor Version Tinstall Tcheck Ttotal Status Flags
r-devel-linux-x86_64-debian-clang 0.1.3 5.25 46.90 52.15 NOTE
r-devel-linux-x86_64-debian-gcc 0.1.3 3.91 35.86 39.77 NOTE
r-devel-linux-x86_64-fedora-clang 0.1.3 65.66 NOTE
r-devel-linux-x86_64-fedora-gcc 0.1.3 73.35 NOTE
r-devel-windows-x86_64 0.1.3 5.00 57.00 62.00 NOTE
r-patched-linux-x86_64 0.1.3 4.84 45.33 50.17 NOTE
r-release-linux-x86_64 0.1.3 3.16 44.59 47.75 NOTE
r-release-macos-arm64 0.1.3 31.00 NOTE
r-release-macos-x86_64 0.1.3 45.00 NOTE
r-release-windows-x86_64 0.1.3 8.00 61.00 69.00 NOTE
r-oldrel-macos-arm64 0.1.3 24.00 NOTE
r-oldrel-windows-x86_64 0.1.3 7.00 66.00 73.00 NOTE

Check Details

Version: 0.1.3
Check: LazyData
Result: NOTE 'LazyData' is specified without a 'data' directory Flavors: r-devel-linux-x86_64-debian-clang, r-devel-linux-x86_64-debian-gcc, r-devel-linux-x86_64-fedora-clang, r-devel-linux-x86_64-fedora-gcc, r-devel-windows-x86_64, r-patched-linux-x86_64, r-release-linux-x86_64, r-release-macos-arm64, r-release-macos-x86_64, r-release-windows-x86_64, r-oldrel-macos-arm64, r-oldrel-windows-x86_64