CRAN Package Check Results for Package markets

Last updated on 2023-11-30 16:49:28 CET.

Flavor Version Tinstall Tcheck Ttotal Status Flags
r-devel-linux-x86_64-debian-clang 1.1.4 87.67 284.32 371.99 OK
r-devel-linux-x86_64-debian-gcc 1.1.4 66.46 205.49 271.95 OK
r-devel-linux-x86_64-fedora-clang 1.1.4 461.21 OK
r-devel-linux-x86_64-fedora-gcc 1.1.4 470.87 OK
r-devel-windows-x86_64 1.1.4 62.00 289.00 351.00 OK
r-patched-linux-x86_64 1.1.4 77.67 272.31 349.98 OK
r-release-linux-x86_64 1.1.4 77.57 269.29 346.86 OK
r-release-macos-arm64 1.1.4 151.00 NOTE
r-release-macos-x86_64 1.1.4 251.00 NOTE
r-release-windows-x86_64 1.1.4 84.00 365.00 449.00 OK
r-oldrel-macos-arm64 1.1.4 131.00 NOTE
r-oldrel-macos-x86_64 1.1.4 151.00 NOTE
r-oldrel-windows-x86_64 1.1.4 83.00 351.00 434.00 OK

Check Details

Version: 1.1.4
Check: installed package size
Result: NOTE installed size is 5.8Mb sub-directories of 1Mb or more: libs 3.6Mb Flavors: r-release-macos-arm64, r-release-macos-x86_64, r-oldrel-macos-arm64, r-oldrel-macos-x86_64