CRAN Package Check Results for Package maptools

Last updated on 2020-07-08 15:48:00 CEST.

Flavor Version Tinstall Tcheck Ttotal Status Flags
r-devel-linux-x86_64-debian-clang 1.0-1 17.39 121.47 138.86 OK
r-devel-linux-x86_64-debian-gcc 1.0-1 14.71 93.50 108.21 OK
r-devel-linux-x86_64-fedora-clang 1.0-1 172.98 NOTE
r-devel-linux-x86_64-fedora-gcc 1.0-1 167.57 OK
r-devel-windows-ix86+x86_64 1.0-1 44.00 239.00 283.00 OK
r-patched-linux-x86_64 1.0-1 17.75 120.96 138.71 OK
r-patched-solaris-x86 1.0-1 218.90 OK
r-release-linux-x86_64 1.0-1 15.97 124.47 140.44 OK
r-release-osx-x86_64 1.0-1 OK
r-release-windows-ix86+x86_64 1.0-1 49.00 278.00 327.00 OK
r-oldrel-osx-x86_64 1.0-1 OK
r-oldrel-windows-ix86+x86_64 1.0-1 64.00 304.00 368.00 OK

Check Details

Version: 1.0-1
Check: Rd cross-references
Result: NOTE
    Undeclared package ‘plotrix’ in Rd xrefs
Flavor: r-devel-linux-x86_64-fedora-clang