CRAN Package Check Results for Package mapscanner

Last updated on 2024-02-24 04:58:47 CET.

Flavor Version Tinstall Tcheck Ttotal Status Flags
r-devel-linux-x86_64-debian-clang 0.0.6 53.53 80.88 134.41 NOTE
r-devel-linux-x86_64-debian-gcc 0.0.6 37.80 60.52 98.32 NOTE
r-devel-linux-x86_64-fedora-clang 0.0.6 189.90 NOTE
r-devel-linux-x86_64-fedora-gcc 0.0.6 189.80 NOTE
r-devel-windows-x86_64 0.0.6 38.00 100.00 138.00 NOTE
r-patched-linux-x86_64 0.0.6 51.73 77.04 128.77 NOTE
r-release-linux-x86_64 0.0.6 50.74 78.24 128.98 NOTE
r-release-macos-arm64 0.0.6 54.00 NOTE
r-release-macos-x86_64 0.0.6 90.00 NOTE
r-release-windows-x86_64 0.0.6 49.00 120.00 169.00 NOTE
r-oldrel-macos-arm64 0.0.6 42.00 NOTE
r-oldrel-windows-x86_64 0.0.6 49.00 117.00 166.00 OK

Check Details

Version: 0.0.6
Check: C++ specification
Result: NOTE Specified C++11: please drop specification unless essential Flavors: r-devel-linux-x86_64-debian-clang, r-devel-linux-x86_64-debian-gcc, r-devel-linux-x86_64-fedora-clang, r-devel-linux-x86_64-fedora-gcc, r-devel-windows-x86_64, r-patched-linux-x86_64, r-release-linux-x86_64, r-release-macos-arm64, r-release-macos-x86_64, r-release-windows-x86_64

Version: 0.0.6
Check: installed package size
Result: NOTE installed size is 5.6Mb sub-directories of 1Mb or more: doc 2.8Mb libs 2.1Mb Flavors: r-release-macos-arm64, r-release-macos-x86_64, r-oldrel-macos-arm64