Last updated on 2023-12-10 16:51:18 CET.
Flavor | Version | Tinstall | Tcheck | Ttotal | Status | Flags |
---|---|---|---|---|---|---|
r-devel-linux-x86_64-debian-clang | 0.2.2 | 3.72 | 29.11 | 32.83 | OK | |
r-devel-linux-x86_64-debian-gcc | 0.2.2 | 3.28 | 22.77 | 26.05 | OK | |
r-devel-linux-x86_64-fedora-clang | 0.2.2 | 41.52 | NOTE | |||
r-devel-linux-x86_64-fedora-gcc | 0.2.2 | 39.09 | NOTE | |||
r-devel-windows-x86_64 | 0.2.2 | 4.00 | 46.00 | 50.00 | OK | |
r-patched-linux-x86_64 | 0.2.2 | 3.88 | 29.01 | 32.89 | OK | |
r-release-linux-x86_64 | 0.2.2 | 3.75 | 28.66 | 32.41 | OK | |
r-release-macos-arm64 | 0.2.2 | 27.00 | OK | |||
r-release-macos-x86_64 | 0.2.2 | 35.00 | OK | |||
r-release-windows-x86_64 | 0.2.2 | 5.00 | 48.00 | 53.00 | OK | |
r-oldrel-macos-arm64 | 0.2.2 | 27.00 | OK | |||
r-oldrel-macos-x86_64 | 0.2.2 | 30.00 | OK | |||
r-oldrel-windows-x86_64 | 0.2.2 | 6.00 | 51.00 | 57.00 | OK |
Version: 0.2.2
Check: data for non-ASCII characters
Result: NOTE
Note: found 1056 marked UTF-8 strings
Flavors: r-devel-linux-x86_64-fedora-clang, r-devel-linux-x86_64-fedora-gcc