CRAN Package Check Results for Package maps

Last updated on 2020-07-14 03:47:54 CEST.

Flavor Version Tinstall Tcheck Ttotal Status Flags
r-devel-linux-x86_64-debian-clang 3.3.0 8.21 36.06 44.27 OK
r-devel-linux-x86_64-debian-gcc 3.3.0 6.75 28.22 34.97 OK
r-devel-linux-x86_64-fedora-clang 3.3.0 62.72 OK
r-devel-linux-x86_64-fedora-gcc 3.3.0 54.82 OK
r-devel-windows-ix86+x86_64 3.3.0 49.00 92.00 141.00 OK
r-patched-linux-x86_64 3.3.0 7.53 35.82 43.35 OK
r-patched-solaris-x86 3.3.0 81.70 NOTE
r-release-linux-x86_64 3.3.0 8.32 36.64 44.96 OK
r-release-macos-x86_64 3.3.0 ERROR
r-release-windows-ix86+x86_64 3.3.0 42.00 67.00 109.00 OK
r-oldrel-macos-x86_64 3.3.0 OK
r-oldrel-windows-ix86+x86_64 3.3.0 49.00 92.00 141.00 OK

Check Details

Version: 3.3.0
Check: installed package size
Result: NOTE
     installed size is 5.3Mb
     sub-directories of 1Mb or more:
     mapdata 4.2Mb
Flavor: r-patched-solaris-x86

Version: 3.3.0
Check: whether package can be installed
Result: ERROR
    Installation failed.
Flavor: r-release-macos-x86_64