CRAN Package Check Results for Package mapedit

Last updated on 2024-02-22 05:01:49 CET.

Flavor Version Tinstall Tcheck Ttotal Status Flags
r-devel-linux-x86_64-debian-clang 0.6.0 NOTE
r-devel-linux-x86_64-debian-gcc 0.6.0 4.32 42.60 46.92 NOTE
r-devel-linux-x86_64-fedora-clang 0.6.0 74.85 NOTE
r-devel-linux-x86_64-fedora-gcc 0.6.0 75.74 NOTE
r-devel-windows-x86_64 0.6.0 6.00 62.00 68.00 NOTE
r-patched-linux-x86_64 0.6.0 9.54 54.31 63.85 NOTE
r-release-linux-x86_64 0.6.0 3.52 54.60 58.12 NOTE
r-release-macos-arm64 0.6.0 29.00 NOTE
r-release-macos-x86_64 0.6.0 38.00 NOTE
r-release-windows-x86_64 0.6.0 8.00 69.00 77.00 NOTE
r-oldrel-macos-arm64 0.6.0 23.00 NOTE
r-oldrel-windows-x86_64 0.6.0 9.00 74.00 83.00 NOTE

Check Details

Version: 0.6.0
Check: package subdirectories
Result: NOTE Problems with news in ‘NEWS.md’: Cannot extract version info from the following section titles: Bug Fixes Flavors: r-devel-linux-x86_64-debian-clang, r-devel-linux-x86_64-debian-gcc, r-devel-linux-x86_64-fedora-clang, r-devel-linux-x86_64-fedora-gcc, r-devel-windows-x86_64, r-patched-linux-x86_64, r-release-linux-x86_64, r-release-macos-arm64, r-release-macos-x86_64, r-release-windows-x86_64

Version: 0.6.0
Check: LazyData
Result: NOTE 'LazyData' is specified without a 'data' directory Flavors: r-devel-linux-x86_64-debian-clang, r-devel-linux-x86_64-debian-gcc, r-devel-linux-x86_64-fedora-clang, r-devel-linux-x86_64-fedora-gcc, r-devel-windows-x86_64, r-patched-linux-x86_64, r-release-linux-x86_64, r-release-macos-arm64, r-release-macos-x86_64, r-release-windows-x86_64, r-oldrel-macos-arm64, r-oldrel-windows-x86_64