CRAN Package Check Results for Package mafs

Last updated on 2020-08-10 06:47:32 CEST.

Flavor Version Tinstall Tcheck Ttotal Status Flags
r-devel-linux-x86_64-debian-clang 0.0.3 6.65 62.68 69.33 OK
r-devel-linux-x86_64-debian-gcc 0.0.3 5.12 47.53 52.65 OK
r-devel-linux-x86_64-fedora-clang 0.0.3 87.65 NOTE
r-devel-linux-x86_64-fedora-gcc 0.0.3 81.89 NOTE
r-devel-windows-ix86+x86_64 0.0.3 30.00 108.00 138.00 OK
r-patched-linux-x86_64 0.0.3 5.23 59.30 64.53 OK
r-patched-solaris-x86 0.0.3 122.40 NOTE
r-release-linux-x86_64 0.0.3 6.02 59.94 65.96 OK
r-release-macos-x86_64 0.0.3 NOTE
r-release-windows-ix86+x86_64 0.0.3 32.00 84.00 116.00 OK
r-oldrel-macos-x86_64 0.0.3 NOTE
r-oldrel-windows-ix86+x86_64 0.0.3 16.00 72.00 88.00 OK

Check Details

Version: 0.0.3
Check: package dependencies
Result: NOTE
    Imports includes 22 non-default packages.
    Importing from so many packages makes the package vulnerable to any of
    them becoming unavailable. Move as many as possible to Suggests and
    use conditionally.
Flavor: r-devel-linux-x86_64-fedora-clang

Version: 0.0.3
Check: dependencies in R code
Result: NOTE
    Namespaces in Imports field not imported from:
     ‘Rcpp’ ‘cmprsk’ ‘colorspace’ ‘etm’ ‘fracdiff’ ‘gtable’ ‘munsell’
     ‘numDeriv’ ‘plyr’ ‘quadprog’ ‘scales’ ‘timeDate’ ‘tseries’ ‘zoo’
     All declared Imports should be used.
Flavors: r-devel-linux-x86_64-fedora-clang, r-devel-linux-x86_64-fedora-gcc, r-patched-solaris-x86, r-release-macos-x86_64, r-oldrel-macos-x86_64