Last updated on 2023-11-30 16:49:28 CET.
Flavor | Version | Tinstall | Tcheck | Ttotal | Status | Flags |
---|---|---|---|---|---|---|
r-devel-linux-x86_64-debian-clang | 3.6.4 | 21.68 | 255.42 | 277.10 | NOTE | |
r-devel-linux-x86_64-debian-gcc | 3.6.4 | 16.04 | 189.09 | 205.13 | NOTE | |
r-devel-linux-x86_64-fedora-clang | 3.6.4 | 336.68 | OK | |||
r-devel-linux-x86_64-fedora-gcc | 3.6.4 | 347.29 | OK | |||
r-devel-windows-x86_64 | 3.6.4 | 17.00 | 217.00 | 234.00 | OK | |
r-patched-linux-x86_64 | 3.6.4 | 16.27 | 246.14 | 262.41 | OK | |
r-release-linux-x86_64 | 3.6.4 | 19.38 | 244.04 | 263.42 | OK | |
r-release-macos-arm64 | 3.6.4 | 117.00 | OK | |||
r-release-macos-x86_64 | 3.6.4 | 270.00 | OK | |||
r-release-windows-x86_64 | 3.6.4 | 24.00 | 267.00 | 291.00 | OK | |
r-oldrel-macos-arm64 | 3.6.4 | 103.00 | OK | |||
r-oldrel-macos-x86_64 | 3.6.4 | 145.00 | OK | |||
r-oldrel-windows-x86_64 | 3.6.4 | 22.00 | 258.00 | 280.00 | OK |
Version: 3.6.4
Check: Rd files
Result: NOTE
checkRd: (-1) toolAggregate.Rd:49: Lost braces; missing escapes or markup?
49 | If {rel} is missing \code{to} refers to the aggregation target dimension name.}
| ^
checkRd: (-1) toolGetMapping.Rd:18: Lost braces
18 | and rda (which needs to have the data stored with the object name "data"!). Use code{\link{toolConvertMapping}}
| ^
Flavors: r-devel-linux-x86_64-debian-clang, r-devel-linux-x86_64-debian-gcc