CRAN Package Check Results for Package maddison

Last updated on 2020-06-06 03:48:31 CEST.

Flavor Version Tinstall Tcheck Ttotal Status Flags
r-devel-linux-x86_64-debian-clang 0.1 2.10 21.82 23.92 NOTE
r-devel-linux-x86_64-debian-gcc 0.1 1.64 17.53 19.17 NOTE
r-devel-linux-x86_64-fedora-clang 0.1 38.34 OK
r-devel-linux-x86_64-fedora-gcc 0.1 29.66 OK
r-devel-windows-ix86+x86_64 0.1 9.00 45.00 54.00 NOTE
r-patched-linux-x86_64 0.1 1.93 21.67 23.60 NOTE
r-patched-solaris-x86 0.1 47.20 OK
r-release-linux-x86_64 0.1 2.04 21.70 23.74 NOTE
r-release-osx-x86_64 0.1 OK
r-release-windows-ix86+x86_64 0.1 6.00 48.00 54.00 NOTE
r-oldrel-osx-x86_64 0.1 OK
r-oldrel-windows-ix86+x86_64 0.1 9.00 43.00 52.00 OK

Check Details

Version: 0.1
Check: package vignettes
Result: NOTE
    Package vignette with placeholder title 'Vignette Title':
     'maddison_project_database.Rmd'
Flavors: r-devel-linux-x86_64-debian-clang, r-devel-linux-x86_64-debian-gcc, r-devel-windows-ix86+x86_64, r-patched-linux-x86_64, r-release-linux-x86_64, r-release-windows-ix86+x86_64