CRAN Package Check Results for Package machQA

Last updated on 2020-10-25 15:48:50 CET.

Flavor Version Tinstall Tcheck Ttotal Status Flags
r-devel-linux-x86_64-debian-clang 0.1.4 4.87 39.75 44.62 OK
r-devel-linux-x86_64-debian-gcc 0.1.4 4.23 29.89 34.12 OK
r-devel-linux-x86_64-fedora-clang 0.1.4 60.82 NOTE
r-devel-linux-x86_64-fedora-gcc 0.1.4 50.80 OK
r-devel-windows-ix86+x86_64 0.1.4 17.00 60.00 77.00 NOTE
r-patched-linux-x86_64 0.1.4 4.68 36.44 41.12 OK
r-patched-solaris-x86 0.1.4 79.60 NOTE
r-release-linux-x86_64 0.1.4 5.53 36.45 41.98 OK
r-release-macos-x86_64 0.1.4 NOTE
r-release-windows-ix86+x86_64 0.1.4 14.00 44.00 58.00 NOTE
r-oldrel-macos-x86_64 0.1.4 NOTE
r-oldrel-windows-ix86+x86_64 0.1.4 15.00 56.00 71.00 NOTE

Check Details

Version: 0.1.4
Check: installed package size
Result: NOTE
     installed size is 12.3Mb
     sub-directories of 1Mb or more:
     TS_files 5.9Mb
     base_files 6.3Mb
Flavors: r-devel-linux-x86_64-fedora-clang, r-devel-windows-ix86+x86_64, r-patched-solaris-x86, r-release-macos-x86_64, r-release-windows-ix86+x86_64, r-oldrel-macos-x86_64, r-oldrel-windows-ix86+x86_64