Last updated on 2023-11-29 04:57:26 CET.
Flavor | Version | Tinstall | Tcheck | Ttotal | Status | Flags |
---|---|---|---|---|---|---|
r-devel-linux-x86_64-debian-clang | 1.1.0 | 9.97 | 181.24 | 191.21 | NOTE | |
r-devel-linux-x86_64-debian-gcc | 1.1.0 | 9.17 | 136.43 | 145.60 | NOTE | |
r-devel-linux-x86_64-fedora-clang | 1.1.0 | 235.26 | OK | |||
r-devel-linux-x86_64-fedora-gcc | 1.1.0 | 249.57 | OK | |||
r-devel-windows-x86_64 | 1.1.0 | 12.00 | 156.00 | 168.00 | ERROR | |
r-patched-linux-x86_64 | 1.1.0 | 15.05 | 164.71 | 179.76 | OK | |
r-release-linux-x86_64 | 1.1.0 | 8.44 | 161.86 | 170.30 | OK | |
r-release-macos-arm64 | 1.1.0 | 73.00 | OK | |||
r-release-macos-x86_64 | 1.1.0 | 98.00 | OK | |||
r-release-windows-x86_64 | 1.1.0 | 15.00 | 197.00 | 212.00 | OK | |
r-oldrel-macos-arm64 | 1.1.0 | 76.00 | OK | |||
r-oldrel-macos-x86_64 | 1.1.0 | 97.00 | OK | |||
r-oldrel-windows-x86_64 | 1.1.0 | 18.00 | 191.00 | 209.00 | OK |
Version: 1.1.0
Check: Rd files
Result: NOTE
checkRd: (-1) examinee-class.Rd:61: Lost braces; missing escapes or markup?
61 | \item{\code{routing_based_on}}{a vector containing the routing was based on \code{estimated_theta_by_phase} or {estimated_theta_by_test} at each module position.}
| ^
Flavors: r-devel-linux-x86_64-debian-clang, r-devel-linux-x86_64-debian-gcc
Version: 1.1.0
Check: tests
Result: ERROR
Running 'testthat.R' [6s]
Running the tests in 'tests/testthat.R' failed.
Complete output:
> library(testthat)
> library(maat)
>
> test_check("maat")
v lpSolve 5.6.19
x Rsymphony
x gurobi
x Rglpk
> TestDesign 1.5.1
Loading required namespace: progress
Flavor: r-devel-windows-x86_64