CRAN Package Check Results for Package mSTEM

Last updated on 2024-02-26 04:49:33 CET.

Flavor Version Tinstall Tcheck Ttotal Status Flags
r-devel-linux-x86_64-debian-clang 1.0-1 4.07 30.90 34.97 NOTE
r-devel-linux-x86_64-debian-gcc 1.0-1 2.99 24.10 27.09 NOTE
r-devel-linux-x86_64-fedora-clang 1.0-1 43.91 NOTE
r-devel-linux-x86_64-fedora-gcc 1.0-1 41.76 NOTE
r-devel-windows-x86_64 1.0-1 4.00 46.00 50.00 NOTE
r-patched-linux-x86_64 1.0-1 4.11 31.14 35.25 NOTE
r-release-linux-x86_64 1.0-1 3.77 31.31 35.08 NOTE
r-release-macos-arm64 1.0-1 19.00 NOTE
r-release-macos-x86_64 1.0-1 27.00 NOTE
r-release-windows-x86_64 1.0-1 5.00 49.00 54.00 NOTE
r-oldrel-macos-arm64 1.0-1 18.00 NOTE
r-oldrel-windows-x86_64 1.0-1 5.00 52.00 57.00 NOTE

Check Details

Version: 1.0-1
Check: LazyData
Result: NOTE 'LazyData' is specified without a 'data' directory Flavors: r-devel-linux-x86_64-debian-clang, r-devel-linux-x86_64-debian-gcc, r-devel-linux-x86_64-fedora-clang, r-devel-linux-x86_64-fedora-gcc, r-devel-windows-x86_64, r-patched-linux-x86_64, r-release-linux-x86_64, r-release-macos-arm64, r-release-macos-x86_64, r-release-windows-x86_64, r-oldrel-macos-arm64, r-oldrel-windows-x86_64