CRAN Package Check Results for Package mRMRe

Last updated on 2024-07-19 17:54:34 CEST.

Flavor Version Tinstall Tcheck Ttotal Status Flags
r-devel-linux-x86_64-debian-clang 2.1.2.1 19.83 100.28 120.11 NOTE
r-devel-linux-x86_64-debian-gcc 2.1.2.1 13.34 80.04 93.38 NOTE
r-devel-linux-x86_64-fedora-clang 2.1.2.1 171.79 NOTE
r-devel-linux-x86_64-fedora-gcc 2.1.2.1 165.25 NOTE
r-devel-windows-x86_64 2.1.2.1 18.00 132.00 150.00 NOTE
r-patched-linux-x86_64 2.1.2.1 18.48 95.88 114.36 NOTE
r-release-linux-x86_64 2.1.2.1 14.68 87.80 102.48 NOTE
r-release-macos-arm64 2.1.2.1 56.00 NOTE
r-release-macos-x86_64 2.1.2.1 86.00 NOTE
r-release-windows-x86_64 2.1.2.1 19.00 131.00 150.00 NOTE
r-oldrel-macos-arm64 2.1.2.1 60.00 OK
r-oldrel-macos-x86_64 2.1.2.1 148.00 OK
r-oldrel-windows-x86_64 2.1.2.1 24.00 154.00 178.00 OK

Additional issues

noRemap

Check Details

Version: 2.1.2.1
Check: Rd files
Result: NOTE checkRd: (-1) correlate.Rd:16: Lost braces; missing escapes or markup? 16 | \item{X}{Vector of type {numeric, ordered factor, or Surv}.} | ^ checkRd: (-1) correlate.Rd:17: Lost braces; missing escapes or markup? 17 | \item{Y}{Vector of type {numeric, ordered factor, or Surv} of same length as \code{X}.} | ^ checkRd: (-1) correlate.Rd:18: Lost braces; missing escapes or markup? 18 | \item{method}{One of the following values: {pearson, spearman, kendall, frequency, cramersv, or cindex}.} | ^ checkRd: (-1) correlate.Rd:19: Lost braces; missing escapes or markup? 19 | \item{strata}{Vector of type {factor} corresponding to the sample strata.} | ^ checkRd: (-1) correlate.Rd:20: Lost braces; missing escapes or markup? 20 | \item{weights}{Vector of type {numeric} corresponding to the sample weights.} | ^ checkRd: (-1) correlate.Rd:24: Lost braces; missing escapes or markup? 24 | \item{alternative}{a character string specifying the alternative hypothesis,must be one of {two.sided (default), greater or less}. You can specify just the initial letter.} | ^ checkRd: (-1) mRMRe.Data-class.Rd:20: Lost braces; missing escapes or markup? 20 | have to be of type :{numeric, ordered factor, Surv} and respectively interpreted as :{continuous, discrete and survival} variables. | ^ checkRd: (-1) mRMRe.Data-class.Rd:20: Lost braces; missing escapes or markup? 20 | have to be of type :{numeric, ordered factor, Surv} and respectively interpreted as :{continuous, discrete and survival} variables. | ^ checkRd: (-1) mRMRe.Data-class.Rd:22: Lost braces; missing escapes or markup? 22 | \code{strata}: is expected to be a vector of type :{ordered factor} with the strata associated to the samples provided | ^ checkRd: (-1) mRMRe.Data-class.Rd:25: Lost braces; missing escapes or markup? 25 | \code{weights}: is expected to be a vector of type :{numeric} with the weights associated to the samples provided | ^ checkRd: (-1) mRMRe.Data-class.Rd:28: Lost braces; missing escapes or markup? 28 | \code{priors}: is expected to be a matrix of type :{numeric} where \code{priors[i, j]}: denotes an forced association between | ^ checkRd: (-1) mRMRe.Data-class.Rd:34: Lost braces; missing escapes or markup? 34 | using an estimator specified in \code{continuous_estimator}; currently, :{pearson, spearman, kendall, frequency} are supported. | ^ Flavors: r-devel-linux-x86_64-debian-clang, r-devel-linux-x86_64-debian-gcc, r-devel-linux-x86_64-fedora-clang, r-devel-linux-x86_64-fedora-gcc, r-devel-windows-x86_64, r-patched-linux-x86_64, r-release-linux-x86_64, r-release-macos-arm64, r-release-macos-x86_64, r-release-windows-x86_64