CRAN Package Check Results for Package mRMRe

Last updated on 2020-08-13 15:51:12 CEST.

Flavor Version Tinstall Tcheck Ttotal Status Flags
r-devel-linux-x86_64-debian-clang 2.1.0 14.33 88.68 103.01 OK
r-devel-linux-x86_64-debian-gcc 2.1.0 9.67 68.90 78.57 OK
r-devel-linux-x86_64-fedora-clang 2.1.0 135.06 OK
r-devel-linux-x86_64-fedora-gcc 2.1.0 121.79 OK
r-devel-windows-ix86+x86_64 2.1.0 41.00 154.00 195.00 OK
r-patched-linux-x86_64 2.1.0 12.95 85.63 98.58 WARN
r-patched-solaris-x86 2.1.0 188.30 WARN
r-release-linux-x86_64 2.1.0 12.05 86.07 98.12 WARN
r-release-macos-x86_64 2.1.0 WARN
r-release-windows-ix86+x86_64 2.1.0 47.00 132.00 179.00 WARN
r-oldrel-macos-x86_64 2.1.0 OK
r-oldrel-windows-ix86+x86_64 2.1.0 33.00 162.00 195.00 OK

Check Details

Version: 2.1.0
Check: data for ASCII and uncompressed saves
Result: WARN
    
     Note: significantly better compression could be obtained
     by using R CMD build --resave-data
     old_size new_size compress
     cgps.rda 1.5Mb 1.4Mb xz
Flavors: r-patched-linux-x86_64, r-patched-solaris-x86, r-release-linux-x86_64, r-release-macos-x86_64, r-release-windows-ix86+x86_64