CRAN Package Check Results for Package mQTL

Last updated on 2020-08-08 15:46:55 CEST.

Flavor Version Tinstall Tcheck Ttotal Status Flags
r-devel-linux-x86_64-debian-clang 1.0 5.58 44.21 49.79 NOTE
r-devel-linux-x86_64-debian-gcc 1.0 4.50 32.73 37.23 NOTE
r-devel-linux-x86_64-fedora-clang 1.0 65.90 NOTE
r-devel-linux-x86_64-fedora-gcc 1.0 57.04 NOTE
r-devel-windows-ix86+x86_64 1.0 13.00 70.00 83.00 NOTE
r-patched-linux-x86_64 1.0 5.16 42.71 47.87 NOTE
r-patched-solaris-x86 1.0 78.90 NOTE
r-release-linux-x86_64 1.0 5.49 43.58 49.07 NOTE
r-release-macos-x86_64 1.0 NOTE
r-release-windows-ix86+x86_64 1.0 12.00 52.00 64.00 NOTE
r-oldrel-macos-x86_64 1.0 NOTE
r-oldrel-windows-ix86+x86_64 1.0 8.00 65.00 73.00 NOTE

Check Details

Version: 1.0
Check: R code for possible problems
Result: NOTE
    ppersp: no visible global function definition for 'colorRampPalette'
    Undefined global functions or variables:
     colorRampPalette
    Consider adding
     importFrom("grDevices", "colorRampPalette")
    to your NAMESPACE file.
Flavors: r-devel-linux-x86_64-debian-clang, r-devel-linux-x86_64-debian-gcc, r-devel-linux-x86_64-fedora-clang, r-devel-linux-x86_64-fedora-gcc, r-devel-windows-ix86+x86_64, r-patched-linux-x86_64, r-patched-solaris-x86, r-release-linux-x86_64, r-release-macos-x86_64, r-release-windows-ix86+x86_64, r-oldrel-macos-x86_64, r-oldrel-windows-ix86+x86_64