Last updated on 2023-12-03 04:56:12 CET.
Flavor | Version | Tinstall | Tcheck | Ttotal | Status | Flags |
---|---|---|---|---|---|---|
r-devel-linux-x86_64-debian-clang | 1.2.2 | 53.11 | 176.76 | 229.87 | NOTE | |
r-devel-linux-x86_64-debian-gcc | 1.2.2 | 40.14 | 131.49 | 171.63 | NOTE | |
r-devel-linux-x86_64-fedora-clang | 1.2.2 | 300.84 | NOTE | |||
r-devel-linux-x86_64-fedora-gcc | 1.2.2 | 290.49 | NOTE | |||
r-devel-windows-x86_64 | 1.2.2 | 46.00 | 160.00 | 206.00 | NOTE | |
r-patched-linux-x86_64 | 1.2.2 | 50.67 | 170.18 | 220.85 | NOTE | |
r-release-linux-x86_64 | 1.2.2 | 40.70 | 152.43 | 193.13 | NOTE | |
r-release-macos-arm64 | 1.2.2 | 75.00 | NOTE | |||
r-release-macos-x86_64 | 1.2.2 | 128.00 | NOTE | |||
r-release-windows-x86_64 | 1.2.2 | 61.00 | 195.00 | 256.00 | NOTE | |
r-oldrel-macos-arm64 | 1.2.2 | 76.00 | OK | |||
r-oldrel-macos-x86_64 | 1.2.2 | 119.00 | OK | |||
r-oldrel-windows-x86_64 | 1.2.2 | 57.00 | 183.00 | 240.00 | OK |
Version: 1.2.2
Check: C++ specification
Result: NOTE
Specified C++11: please drop specification unless essential
Flavors: r-devel-linux-x86_64-debian-clang, r-devel-linux-x86_64-debian-gcc, r-devel-linux-x86_64-fedora-clang, r-devel-linux-x86_64-fedora-gcc, r-devel-windows-x86_64, r-patched-linux-x86_64, r-release-linux-x86_64, r-release-macos-arm64, r-release-macos-x86_64, r-release-windows-x86_64