CRAN Package Check Results for Package lvplot

Last updated on 2020-08-15 03:48:10 CEST.

Flavor Version Tinstall Tcheck Ttotal Status Flags
r-devel-linux-x86_64-debian-clang 0.2.0 48.81 48.37 97.18 OK
r-devel-linux-x86_64-debian-gcc 0.2.0 44.00 37.66 81.66 OK
r-devel-linux-x86_64-fedora-clang 0.2.0 137.62 OK
r-devel-linux-x86_64-fedora-gcc 0.2.0 126.76 OK
r-devel-windows-ix86+x86_64 0.2.0 82.00 72.00 154.00 OK
r-patched-linux-x86_64 0.2.0 50.22 46.58 96.80 OK
r-patched-solaris-x86 0.2.0 272.10 OK
r-release-linux-x86_64 0.2.0 49.29 46.62 95.91 OK
r-release-macos-x86_64 0.2.0 OK
r-release-windows-ix86+x86_64 0.2.0 81.00 62.00 143.00 OK
r-oldrel-macos-x86_64 0.2.0 FAIL
r-oldrel-windows-ix86+x86_64 0.2.0 68.00 59.00 127.00 OK

Check Details

Version: 0.2.0
Check: dependencies in R code
Result: FAIL
Flavor: r-oldrel-macos-x86_64