Last updated on 2023-11-30 16:49:28 CET.
Flavor | Version | Tinstall | Tcheck | Ttotal | Status | Flags |
---|---|---|---|---|---|---|
r-devel-linux-x86_64-debian-clang | 0.1.1 | 5.58 | 94.56 | 100.14 | NOTE | |
r-devel-linux-x86_64-debian-gcc | 0.1.1 | 3.15 | 71.02 | 74.17 | NOTE | |
r-devel-linux-x86_64-fedora-clang | 0.1.1 | 125.90 | OK | |||
r-devel-linux-x86_64-fedora-gcc | 0.1.1 | 138.34 | OK | |||
r-devel-windows-x86_64 | 0.1.1 | 6.00 | 102.00 | 108.00 | OK | |
r-patched-linux-x86_64 | 0.1.1 | 3.93 | 92.14 | 96.07 | OK | |
r-release-linux-x86_64 | 0.1.1 | 3.31 | 89.22 | 92.53 | OK | |
r-release-macos-arm64 | 0.1.1 | 48.00 | OK | |||
r-release-macos-x86_64 | 0.1.1 | 74.00 | OK | |||
r-release-windows-x86_64 | 0.1.1 | 8.00 | 123.00 | 131.00 | OK | |
r-oldrel-macos-arm64 | 0.1.1 | 38.00 | OK | |||
r-oldrel-macos-x86_64 | 0.1.1 | 74.00 | OK | |||
r-oldrel-windows-x86_64 | 0.1.1 | 8.00 | 113.00 | 121.00 | OK |
Version: 0.1.1
Check: Rd files
Result: NOTE
checkRd: (-1) abort_column_not_found.Rd:15: Lost braces
15 | Returns an error condition of class{error_column_not_found}.
| ^
checkRd: (-1) abort_no_method_for_class.Rd:18: Lost braces
18 | Returns an error condition of class{error_no_method_for_class}.
| ^
checkRd: (-1) abort_package_not_installed.Rd:13: Lost braces
13 | Returns an error condition of class{error_package_not_installed}.
| ^
Flavors: r-devel-linux-x86_64-debian-clang, r-devel-linux-x86_64-debian-gcc