Last updated on 2023-12-04 16:53:31 CET.
Flavor | Version | Tinstall | Tcheck | Ttotal | Status | Flags |
---|---|---|---|---|---|---|
r-devel-linux-x86_64-debian-clang | 0.3.2 | 27.70 | 91.63 | 119.33 | OK | |
r-devel-linux-x86_64-debian-gcc | 0.3.2 | 21.68 | 70.54 | 92.22 | OK | |
r-devel-linux-x86_64-fedora-clang | 0.3.2 | 165.93 | OK | |||
r-devel-linux-x86_64-fedora-gcc | 0.3.2 | 152.72 | OK | |||
r-devel-windows-x86_64 | 0.3.2 | 26.00 | 120.00 | 146.00 | NOTE | |
r-patched-linux-x86_64 | 0.3.2 | 25.87 | 88.87 | 114.74 | OK | |
r-release-linux-x86_64 | 0.3.2 | 23.31 | 87.66 | 110.97 | OK | |
r-release-macos-arm64 | 0.3.2 | 56.00 | NOTE | |||
r-release-macos-x86_64 | 0.3.2 | 139.00 | NOTE | |||
r-release-windows-x86_64 | 0.3.2 | 32.00 | 134.00 | 166.00 | NOTE | |
r-oldrel-macos-arm64 | 0.3.2 | 56.00 | NOTE | |||
r-oldrel-macos-x86_64 | 0.3.2 | 82.00 | NOTE | |||
r-oldrel-windows-x86_64 | 0.3.2 | 30.00 | 137.00 | 167.00 | NOTE |
Version: 0.3.2
Check: installed package size
Result: NOTE
installed size is 5.3Mb
sub-directories of 1Mb or more:
R 4.0Mb
libs 1.1Mb
Flavors: r-devel-windows-x86_64, r-release-macos-arm64, r-release-macos-x86_64, r-release-windows-x86_64, r-oldrel-macos-arm64, r-oldrel-macos-x86_64, r-oldrel-windows-x86_64