Last updated on 2023-12-10 16:51:18 CET.
Flavor | Version | Tinstall | Tcheck | Ttotal | Status | Flags |
---|---|---|---|---|---|---|
r-devel-linux-x86_64-debian-clang | 0.1.0 | 91.30 | 167.60 | 258.90 | NOTE | |
r-devel-linux-x86_64-debian-gcc | 0.1.0 | 66.07 | 131.90 | 197.97 | NOTE | |
r-devel-linux-x86_64-fedora-clang | 0.1.0 | 383.08 | NOTE | |||
r-devel-linux-x86_64-fedora-gcc | 0.1.0 | 370.96 | NOTE | |||
r-devel-windows-x86_64 | 0.1.0 | 69.00 | 191.00 | 260.00 | NOTE | |
r-patched-linux-x86_64 | 0.1.0 | 82.70 | 164.82 | 247.52 | NOTE | |
r-release-linux-x86_64 | 0.1.0 | 83.73 | 169.34 | 253.07 | NOTE | |
r-release-macos-arm64 | 0.1.0 | 113.00 | NOTE | |||
r-release-macos-x86_64 | 0.1.0 | 189.00 | NOTE | |||
r-release-windows-x86_64 | 0.1.0 | 89.00 | 211.00 | 300.00 | NOTE | |
r-oldrel-macos-arm64 | 0.1.0 | 112.00 | OK | |||
r-oldrel-macos-x86_64 | 0.1.0 | 122.00 | OK | |||
r-oldrel-windows-x86_64 | 0.1.0 | 84.00 | 203.00 | 287.00 | OK |
Version: 0.1.0
Check: C++ specification
Result: NOTE
Specified C++11: please drop specification unless essential
Flavors: r-devel-linux-x86_64-debian-clang, r-devel-linux-x86_64-debian-gcc, r-devel-linux-x86_64-fedora-clang, r-devel-linux-x86_64-fedora-gcc, r-devel-windows-x86_64, r-patched-linux-x86_64, r-release-linux-x86_64, r-release-macos-arm64, r-release-macos-x86_64, r-release-windows-x86_64