CRAN Package Check Results for Package ltsbase

Last updated on 2020-08-08 15:46:54 CEST.

Flavor Version Tinstall Tcheck Ttotal Status Flags
r-devel-linux-x86_64-debian-clang 1.0.1 2.63 24.81 27.44 NOTE
r-devel-linux-x86_64-debian-gcc 1.0.1 2.26 19.80 22.06 NOTE
r-devel-linux-x86_64-fedora-clang 1.0.1 41.90 NOTE
r-devel-linux-x86_64-fedora-gcc 1.0.1 32.02 NOTE
r-devel-windows-ix86+x86_64 1.0.1 8.00 58.00 66.00 NOTE
r-patched-linux-x86_64 1.0.1 2.58 24.78 27.36 NOTE
r-patched-solaris-x86 1.0.1 51.00 NOTE
r-release-linux-x86_64 1.0.1 2.68 24.71 27.39 NOTE
r-release-macos-x86_64 1.0.1 NOTE
r-release-windows-ix86+x86_64 1.0.1 9.00 45.00 54.00 NOTE
r-oldrel-macos-x86_64 1.0.1 NOTE
r-oldrel-windows-ix86+x86_64 1.0.1 5.00 36.00 41.00 NOTE

Check Details

Version: 1.0.1
Check: dependencies in R code
Result: NOTE
    'library' or 'require' calls to packages already attached by Depends:
     'MASS' 'robustbase'
     Please remove these calls from your code.
Flavors: r-devel-linux-x86_64-debian-clang, r-devel-linux-x86_64-debian-gcc, r-devel-linux-x86_64-fedora-clang, r-devel-linux-x86_64-fedora-gcc, r-devel-windows-ix86+x86_64, r-patched-linux-x86_64, r-patched-solaris-x86, r-release-linux-x86_64, r-release-macos-x86_64, r-release-windows-ix86+x86_64, r-oldrel-macos-x86_64, r-oldrel-windows-ix86+x86_64

Version: 1.0.1
Check: R code for possible problems
Result: NOTE
    ltsbase: no visible global function definition for 'lm'
    ltsbase: no visible global function definition for 'lines'
    ltsbase: no visible global function definition for 'legend'
    Undefined global functions or variables:
     legend lines lm
    Consider adding
     importFrom("graphics", "legend", "lines")
     importFrom("stats", "lm")
    to your NAMESPACE file.
Flavors: r-devel-linux-x86_64-debian-clang, r-devel-linux-x86_64-debian-gcc, r-devel-linux-x86_64-fedora-clang, r-devel-linux-x86_64-fedora-gcc, r-devel-windows-ix86+x86_64, r-patched-linux-x86_64, r-patched-solaris-x86, r-release-linux-x86_64, r-release-macos-x86_64, r-release-windows-ix86+x86_64, r-oldrel-macos-x86_64, r-oldrel-windows-ix86+x86_64