CRAN Package Check Results for Package lsa

Last updated on 2020-05-25 15:49:04 CEST.

Flavor Version Tinstall Tcheck Ttotal Status Flags
r-devel-linux-x86_64-debian-clang 0.73.2 3.43 32.96 36.39 OK
r-devel-linux-x86_64-debian-gcc 0.73.2 2.86 27.35 30.21 OK
r-devel-linux-x86_64-fedora-clang 0.73.2 45.47 NOTE
r-devel-linux-x86_64-fedora-gcc 0.73.2 44.74 NOTE
r-devel-windows-ix86+x86_64 0.73.2 9.00 49.00 58.00 OK
r-patched-linux-x86_64 0.73.2 3.53 33.40 36.93 OK
r-patched-solaris-x86 0.73.2 70.70 NOTE
r-release-linux-x86_64 0.73.2 3.15 33.38 36.53 OK
r-release-osx-x86_64 0.73.2 NOTE
r-release-windows-ix86+x86_64 0.73.2 7.00 66.00 73.00 OK
r-oldrel-osx-x86_64 0.73.2 NOTE
r-oldrel-windows-ix86+x86_64 0.73.2 10.00 61.00 71.00 OK

Check Details

Version: 0.73.2
Check: data for non-ASCII characters
Result: NOTE
     Note: found 143 marked Latin-1 strings
     Note: found 833 marked UTF-8 strings
Flavors: r-devel-linux-x86_64-fedora-clang, r-devel-linux-x86_64-fedora-gcc, r-patched-solaris-x86, r-release-osx-x86_64, r-oldrel-osx-x86_64