CRAN Package Check Results for Package lpmodeler

Last updated on 2020-08-06 15:49:37 CEST.

Flavor Version Tinstall Tcheck Ttotal Status Flags
r-devel-linux-x86_64-debian-clang 0.2-1 2.12 19.90 22.02 NOTE
r-devel-linux-x86_64-debian-gcc 0.2-1 1.67 15.70 17.37 NOTE
r-devel-linux-x86_64-fedora-clang 0.2-1 35.64 NOTE
r-devel-linux-x86_64-fedora-gcc 0.2-1 25.87 NOTE
r-devel-windows-ix86+x86_64 0.2-1 6.00 32.00 38.00 NOTE
r-patched-linux-x86_64 0.2-1 2.08 19.88 21.96 NOTE
r-patched-solaris-x86 0.2-1 41.70 NOTE
r-release-linux-x86_64 0.2-1 1.91 19.58 21.49 NOTE
r-release-macos-x86_64 0.2-1 NOTE
r-release-windows-ix86+x86_64 0.2-1 5.00 35.00 40.00 NOTE
r-oldrel-macos-x86_64 0.2-1 NOTE
r-oldrel-windows-ix86+x86_64 0.2-1 4.00 31.00 35.00 NOTE

Check Details

Version: 0.2-1
Check: dependencies in R code
Result: NOTE
    'library' or 'require' call to 'Rsymphony' in package code.
     Please use :: or requireNamespace() instead.
     See section 'Suggested packages' in the 'Writing R Extensions' manual.
Flavors: r-devel-linux-x86_64-debian-clang, r-devel-linux-x86_64-debian-gcc, r-devel-linux-x86_64-fedora-clang, r-devel-linux-x86_64-fedora-gcc, r-devel-windows-ix86+x86_64, r-patched-linux-x86_64, r-patched-solaris-x86, r-release-linux-x86_64, r-release-macos-x86_64, r-release-windows-ix86+x86_64, r-oldrel-macos-x86_64, r-oldrel-windows-ix86+x86_64

Version: 0.2-1
Check: R code for possible problems
Result: NOTE
    mipSolve.Rsymphony: no visible global function definition for
     'Rsymphony_solve_LP'
    Undefined global functions or variables:
     Rsymphony_solve_LP
Flavors: r-devel-linux-x86_64-debian-clang, r-devel-linux-x86_64-debian-gcc, r-devel-linux-x86_64-fedora-clang, r-devel-linux-x86_64-fedora-gcc, r-devel-windows-ix86+x86_64, r-patched-linux-x86_64, r-patched-solaris-x86, r-release-linux-x86_64, r-release-macos-x86_64, r-release-windows-ix86+x86_64, r-oldrel-macos-x86_64, r-oldrel-windows-ix86+x86_64

Version: 0.2-1
Check: package dependencies
Result: NOTE
    Package suggested but not available for checking: ‘Rsymphony’
Flavors: r-patched-solaris-x86, r-release-macos-x86_64, r-oldrel-macos-x86_64