CRAN Package Check Results for Package lpirfs

Last updated on 2020-06-04 03:49:22 CEST.

Flavor Version Tinstall Tcheck Ttotal Status Flags
r-devel-linux-x86_64-debian-clang 0.1.7 136.22 193.01 329.23 ERROR
r-devel-linux-x86_64-debian-gcc 0.1.7 102.62 141.88 244.50 ERROR
r-devel-linux-x86_64-fedora-clang 0.1.7 425.15 ERROR
r-devel-linux-x86_64-fedora-gcc 0.1.7 391.74 ERROR
r-devel-windows-ix86+x86_64 0.1.7 343.00 671.00 1014.00 ERROR
r-patched-linux-x86_64 0.1.7 105.39 185.01 290.40 ERROR
r-patched-solaris-x86 0.1.7 584.10 ERROR
r-release-linux-x86_64 0.1.7 104.22 187.22 291.44 ERROR
r-release-osx-x86_64 0.1.7 OK
r-release-windows-ix86+x86_64 0.1.7 239.00 434.00 673.00 ERROR
r-oldrel-osx-x86_64 0.1.7 OK
r-oldrel-windows-ix86+x86_64 0.1.7 296.00 578.00 874.00 ERROR

Check Details

Version: 0.1.7
Check: tests
Result: ERROR
     Running 'testthat.R' [46s/147s]
    Running the tests in 'tests/testthat.R' failed.
    Complete output:
     > library(testthat)
     > library(lpirfs)
     >
     > test_check("lpirfs")
     -- 1. Failure: Test that data is correctly computed. (@test-lp_lin_panel.R#737)
     `c_exog_data_manual` not equal to `c_exog_data_output`.
     Attributes: < Component "na.action": Names: 30 string mismatches >
     Attributes: < Component "na.action": Mean relative difference: 0.1646341 >
    
     -- 2. Failure: Test that data is correctly computed. (@test-lp_lin_panel.R#783)
     `l_exog_data_output` not equal to `l_exog_data_manual`.
     Attributes: < Names: 1 string mismatch >
     Attributes: < Length mismatch: comparison on first 2 components >
     Attributes: < Component "class": Lengths (3, 1) differ (string compare on first 1) >
     Attributes: < Component "class": 1 string mismatch >
     Attributes: < Component 2: Lengths: 30, 270 >
     Attributes: < Component 2: names for target but not for current >
     Attributes: < Component 2: Attributes: < Modes: list, NULL > >
     Attributes: < Component 2: Attributes: < Lengths: 1, 0 > >
     Attributes: < Component 2: Attributes: < names for target but not for current > >
     ...
    
     -- 3. Error: Check output of switching variable I (@test-lp_nl_panel.R#948) ---
     object 'shock_s1' not found
     Backtrace:
     1. lpirfs::lp_nl_panel(...)
     6. plm:::model.frame.pdata.frame(...)
     8. Formula:::model.frame.Formula(...)
     10. stats::model.frame.default(...)
     11. [ base::eval(...) ] with 1 more call
    
     == testthat results ===========================================================
     [ OK: 168 | SKIPPED: 0 | WARNINGS: 1 | FAILED: 3 ]
     1. Failure: Test that data is correctly computed. (@test-lp_lin_panel.R#737)
     2. Failure: Test that data is correctly computed. (@test-lp_lin_panel.R#783)
     3. Error: Check output of switching variable I (@test-lp_nl_panel.R#948)
    
     Error: testthat unit tests failed
     Execution halted
Flavor: r-devel-linux-x86_64-debian-clang

Version: 0.1.7
Check: tests
Result: ERROR
     Running ‘testthat.R’ [35s/143s]
    Running the tests in ‘tests/testthat.R’ failed.
    Complete output:
     > library(testthat)
     > library(lpirfs)
     >
     > test_check("lpirfs")
     ── 1. Failure: Test that data is correctly computed. (@test-lp_lin_panel.R#737)
     `c_exog_data_manual` not equal to `c_exog_data_output`.
     Attributes: < Component "na.action": Names: 30 string mismatches >
     Attributes: < Component "na.action": Mean relative difference: 0.1646341 >
    
     ── 2. Failure: Test that data is correctly computed. (@test-lp_lin_panel.R#783)
     `l_exog_data_output` not equal to `l_exog_data_manual`.
     Attributes: < Names: 1 string mismatch >
     Attributes: < Length mismatch: comparison on first 2 components >
     Attributes: < Component "class": Lengths (3, 1) differ (string compare on first 1) >
     Attributes: < Component "class": 1 string mismatch >
     Attributes: < Component 2: Lengths: 30, 270 >
     Attributes: < Component 2: names for target but not for current >
     Attributes: < Component 2: Attributes: < Modes: list, NULL > >
     Attributes: < Component 2: Attributes: < Lengths: 1, 0 > >
     Attributes: < Component 2: Attributes: < names for target but not for current > >
     ...
    
     ── 3. Error: Check output of switching variable I (@test-lp_nl_panel.R#948) ───
     object 'shock_s1' not found
     Backtrace:
     1. lpirfs::lp_nl_panel(...)
     6. plm:::model.frame.pdata.frame(...)
     8. Formula:::model.frame.Formula(...)
     10. stats::model.frame.default(...)
     11. [ base::eval(...) ] with 1 more call
    
     ══ testthat results ═══════════════════════════════════════════════════════════
     [ OK: 168 | SKIPPED: 0 | WARNINGS: 1 | FAILED: 3 ]
     1. Failure: Test that data is correctly computed. (@test-lp_lin_panel.R#737)
     2. Failure: Test that data is correctly computed. (@test-lp_lin_panel.R#783)
     3. Error: Check output of switching variable I (@test-lp_nl_panel.R#948)
    
     Error: testthat unit tests failed
     Execution halted
Flavor: r-devel-linux-x86_64-debian-gcc

Version: 0.1.7
Check: installed package size
Result: NOTE
     installed size is 6.6Mb
     sub-directories of 1Mb or more:
     libs 5.1Mb
Flavor: r-devel-linux-x86_64-fedora-clang

Version: 0.1.7
Check: tests
Result: ERROR
     Running ‘testthat.R’ [51s/173s]
    Running the tests in ‘tests/testthat.R’ failed.
    Complete output:
     > library(testthat)
     > library(lpirfs)
     >
     > test_check("lpirfs")
     ── 1. Failure: Test that data is correctly computed. (@test-lp_lin_panel.R#737)
     `c_exog_data_manual` not equal to `c_exog_data_output`.
     Attributes: < Component "na.action": Names: 30 string mismatches >
     Attributes: < Component "na.action": Mean relative difference: 0.1646341 >
    
     ── 2. Failure: Test that data is correctly computed. (@test-lp_lin_panel.R#783)
     `l_exog_data_output` not equal to `l_exog_data_manual`.
     Attributes: < Names: 1 string mismatch >
     Attributes: < Length mismatch: comparison on first 2 components >
     Attributes: < Component "class": Lengths (3, 1) differ (string compare on first 1) >
     Attributes: < Component "class": 1 string mismatch >
     Attributes: < Component 2: Lengths: 30, 270 >
     Attributes: < Component 2: names for target but not for current >
     Attributes: < Component 2: Attributes: < Modes: list, NULL > >
     Attributes: < Component 2: Attributes: < Lengths: 1, 0 > >
     Attributes: < Component 2: Attributes: < names for target but not for current > >
     ...
    
     ── 3. Error: Check output of switching variable I (@test-lp_nl_panel.R#948) ───
     object 'shock_s1' not found
     Backtrace:
     1. lpirfs::lp_nl_panel(...)
     6. plm:::model.frame.pdata.frame(...)
     8. Formula:::model.frame.Formula(...)
     10. stats::model.frame.default(...)
     11. [ base::eval(...) ] with 1 more call
    
     ══ testthat results ═══════════════════════════════════════════════════════════
     [ OK: 168 | SKIPPED: 0 | WARNINGS: 1 | FAILED: 3 ]
     1. Failure: Test that data is correctly computed. (@test-lp_lin_panel.R#737)
     2. Failure: Test that data is correctly computed. (@test-lp_lin_panel.R#783)
     3. Error: Check output of switching variable I (@test-lp_nl_panel.R#948)
    
     Error: testthat unit tests failed
     Execution halted
Flavor: r-devel-linux-x86_64-fedora-clang

Version: 0.1.7
Check: tests
Result: ERROR
     Running ‘testthat.R’ [54s/175s]
    Running the tests in ‘tests/testthat.R’ failed.
    Complete output:
     > library(testthat)
     > library(lpirfs)
     >
     > test_check("lpirfs")
     ── 1. Failure: Test that data is correctly computed. (@test-lp_lin_panel.R#737)
     `c_exog_data_manual` not equal to `c_exog_data_output`.
     Attributes: < Component "na.action": Names: 30 string mismatches >
     Attributes: < Component "na.action": Mean relative difference: 0.1646341 >
    
     ── 2. Failure: Test that data is correctly computed. (@test-lp_lin_panel.R#783)
     `l_exog_data_output` not equal to `l_exog_data_manual`.
     Attributes: < Names: 1 string mismatch >
     Attributes: < Length mismatch: comparison on first 2 components >
     Attributes: < Component "class": Lengths (3, 1) differ (string compare on first 1) >
     Attributes: < Component "class": 1 string mismatch >
     Attributes: < Component 2: Lengths: 30, 270 >
     Attributes: < Component 2: names for target but not for current >
     Attributes: < Component 2: Attributes: < Modes: list, NULL > >
     Attributes: < Component 2: Attributes: < Lengths: 1, 0 > >
     Attributes: < Component 2: Attributes: < names for target but not for current > >
     ...
    
     ── 3. Error: Check output of switching variable I (@test-lp_nl_panel.R#948) ───
     object 'shock_s1' not found
     Backtrace:
     1. lpirfs::lp_nl_panel(...)
     6. plm:::model.frame.pdata.frame(...)
     8. Formula:::model.frame.Formula(...)
     10. stats::model.frame.default(...)
     11. [ base::eval(...) ] with 1 more call
    
     ══ testthat results ═══════════════════════════════════════════════════════════
     [ OK: 168 | SKIPPED: 0 | WARNINGS: 1 | FAILED: 3 ]
     1. Failure: Test that data is correctly computed. (@test-lp_lin_panel.R#737)
     2. Failure: Test that data is correctly computed. (@test-lp_lin_panel.R#783)
     3. Error: Check output of switching variable I (@test-lp_nl_panel.R#948)
    
     Error: testthat unit tests failed
     Execution halted
Flavor: r-devel-linux-x86_64-fedora-gcc

Version: 0.1.7
Check: running tests for arch ‘i386’
Result: ERROR
     Running 'testthat.R' [169s]
    Running the tests in 'tests/testthat.R' failed.
    Complete output:
     > library(testthat)
     > library(lpirfs)
     >
     > test_check("lpirfs")
     -- 1. Failure: Test that data is correctly computed. (@test-lp_lin_panel.R#737)
     `c_exog_data_manual` not equal to `c_exog_data_output`.
     Attributes: < Component "na.action": Names: 30 string mismatches >
     Attributes: < Component "na.action": Mean relative difference: 0.1646341 >
    
     -- 2. Failure: Test that data is correctly computed. (@test-lp_lin_panel.R#783)
     `l_exog_data_output` not equal to `l_exog_data_manual`.
     Attributes: < Names: 1 string mismatch >
     Attributes: < Length mismatch: comparison on first 2 components >
     Attributes: < Component "class": Lengths (3, 1) differ (string compare on first 1) >
     Attributes: < Component "class": 1 string mismatch >
     Attributes: < Component 2: Lengths: 30, 270 >
     Attributes: < Component 2: names for target but not for current >
     Attributes: < Component 2: Attributes: < Modes: list, NULL > >
     Attributes: < Component 2: Attributes: < Lengths: 1, 0 > >
     Attributes: < Component 2: Attributes: < names for target but not for current > >
     ...
    
     -- 3. Error: Check output of switching variable I (@test-lp_nl_panel.R#948) ---
     object 'shock_s1' not found
     Backtrace:
     1. lpirfs::lp_nl_panel(...)
     6. plm:::model.frame.pdata.frame(...)
     8. Formula:::model.frame.Formula(...)
     10. stats::model.frame.default(...)
     11. [ base::eval(...) ] with 1 more call
    
     == testthat results ===========================================================
     [ OK: 168 | SKIPPED: 0 | WARNINGS: 1 | FAILED: 3 ]
     1. Failure: Test that data is correctly computed. (@test-lp_lin_panel.R#737)
     2. Failure: Test that data is correctly computed. (@test-lp_lin_panel.R#783)
     3. Error: Check output of switching variable I (@test-lp_nl_panel.R#948)
    
     Error: testthat unit tests failed
     Execution halted
Flavor: r-devel-windows-ix86+x86_64

Version: 0.1.7
Check: running tests for arch ‘x64’
Result: ERROR
     Running 'testthat.R' [170s]
    Running the tests in 'tests/testthat.R' failed.
    Complete output:
     > library(testthat)
     > library(lpirfs)
     >
     > test_check("lpirfs")
     -- 1. Failure: Test that data is correctly computed. (@test-lp_lin_panel.R#737)
     `c_exog_data_manual` not equal to `c_exog_data_output`.
     Attributes: < Component "na.action": Names: 30 string mismatches >
     Attributes: < Component "na.action": Mean relative difference: 0.1646341 >
    
     -- 2. Failure: Test that data is correctly computed. (@test-lp_lin_panel.R#783)
     `l_exog_data_output` not equal to `l_exog_data_manual`.
     Attributes: < Names: 1 string mismatch >
     Attributes: < Length mismatch: comparison on first 2 components >
     Attributes: < Component "class": Lengths (3, 1) differ (string compare on first 1) >
     Attributes: < Component "class": 1 string mismatch >
     Attributes: < Component 2: Lengths: 30, 270 >
     Attributes: < Component 2: names for target but not for current >
     Attributes: < Component 2: Attributes: < Modes: list, NULL > >
     Attributes: < Component 2: Attributes: < Lengths: 1, 0 > >
     Attributes: < Component 2: Attributes: < names for target but not for current > >
     ...
    
     -- 3. Error: Check output of switching variable I (@test-lp_nl_panel.R#948) ---
     object 'shock_s1' not found
     Backtrace:
     1. lpirfs::lp_nl_panel(...)
     6. plm:::model.frame.pdata.frame(...)
     8. Formula:::model.frame.Formula(...)
     10. stats::model.frame.default(...)
     11. [ base::eval(...) ] with 1 more call
    
     == testthat results ===========================================================
     [ OK: 168 | SKIPPED: 0 | WARNINGS: 1 | FAILED: 3 ]
     1. Failure: Test that data is correctly computed. (@test-lp_lin_panel.R#737)
     2. Failure: Test that data is correctly computed. (@test-lp_lin_panel.R#783)
     3. Error: Check output of switching variable I (@test-lp_nl_panel.R#948)
    
     Error: testthat unit tests failed
     Execution halted
Flavor: r-devel-windows-ix86+x86_64

Version: 0.1.7
Check: tests
Result: ERROR
     Running ‘testthat.R’ [46s/138s]
    Running the tests in ‘tests/testthat.R’ failed.
    Complete output:
     > library(testthat)
     > library(lpirfs)
     >
     > test_check("lpirfs")
     ── 1. Failure: Test that data is correctly computed. (@test-lp_lin_panel.R#737)
     `c_exog_data_manual` not equal to `c_exog_data_output`.
     Attributes: < Component "na.action": Names: 30 string mismatches >
     Attributes: < Component "na.action": Mean relative difference: 0.1646341 >
    
     ── 2. Failure: Test that data is correctly computed. (@test-lp_lin_panel.R#783)
     `l_exog_data_output` not equal to `l_exog_data_manual`.
     Attributes: < Names: 1 string mismatch >
     Attributes: < Length mismatch: comparison on first 2 components >
     Attributes: < Component "class": Lengths (3, 1) differ (string compare on first 1) >
     Attributes: < Component "class": 1 string mismatch >
     Attributes: < Component 2: Lengths: 30, 270 >
     Attributes: < Component 2: names for target but not for current >
     Attributes: < Component 2: Attributes: < Modes: list, NULL > >
     Attributes: < Component 2: Attributes: < Lengths: 1, 0 > >
     Attributes: < Component 2: Attributes: < names for target but not for current > >
     ...
    
     ── 3. Error: Check output of switching variable I (@test-lp_nl_panel.R#948) ───
     object 'shock_s1' not found
     Backtrace:
     1. lpirfs::lp_nl_panel(...)
     6. plm:::model.frame.pdata.frame(...)
     8. Formula:::model.frame.Formula(...)
     10. stats::model.frame.default(...)
     11. [ base::eval(...) ] with 1 more call
    
     ══ testthat results ═══════════════════════════════════════════════════════════
     [ OK: 168 | SKIPPED: 0 | WARNINGS: 1 | FAILED: 3 ]
     1. Failure: Test that data is correctly computed. (@test-lp_lin_panel.R#737)
     2. Failure: Test that data is correctly computed. (@test-lp_lin_panel.R#783)
     3. Error: Check output of switching variable I (@test-lp_nl_panel.R#948)
    
     Error: testthat unit tests failed
     Execution halted
Flavor: r-patched-linux-x86_64

Version: 0.1.7
Check: tests
Result: ERROR
     Running ‘testthat.R’ [180s/180s]
    Running the tests in ‘tests/testthat.R’ failed.
    Complete output:
     > library(testthat)
     > library(lpirfs)
     >
     > test_check("lpirfs")
     ── 1. Failure: Test that data is correctly computed. (@test-lp_lin_panel.R#737)
     `c_exog_data_manual` not equal to `c_exog_data_output`.
     Attributes: < Component "na.action": Names: 30 string mismatches >
     Attributes: < Component "na.action": Mean relative difference: 0.1646341 >
    
     ── 2. Failure: Test that data is correctly computed. (@test-lp_lin_panel.R#783)
     `l_exog_data_output` not equal to `l_exog_data_manual`.
     Attributes: < Names: 1 string mismatch >
     Attributes: < Length mismatch: comparison on first 2 components >
     Attributes: < Component "class": Lengths (3, 1) differ (string compare on first 1) >
     Attributes: < Component "class": 1 string mismatch >
     Attributes: < Component 2: Lengths: 30, 270 >
     Attributes: < Component 2: names for target but not for current >
     Attributes: < Component 2: Attributes: < Modes: list, NULL > >
     Attributes: < Component 2: Attributes: < Lengths: 1, 0 > >
     Attributes: < Component 2: Attributes: < names for target but not for current > >
     ...
    
     ── 3. Error: Check output of switching variable I (@test-lp_nl_panel.R#948) ───
     object 'shock_s1' not found
     Backtrace:
     1. lpirfs::lp_nl_panel(...)
     6. plm:::model.frame.pdata.frame(...)
     8. Formula:::model.frame.Formula(...)
     10. stats::model.frame.default(...)
     11. [ base::eval(...) ] with 1 more call
    
     ══ testthat results ═══════════════════════════════════════════════════════════
     [ OK: 168 | SKIPPED: 0 | WARNINGS: 1 | FAILED: 3 ]
     1. Failure: Test that data is correctly computed. (@test-lp_lin_panel.R#737)
     2. Failure: Test that data is correctly computed. (@test-lp_lin_panel.R#783)
     3. Error: Check output of switching variable I (@test-lp_nl_panel.R#948)
    
     Error: testthat unit tests failed
     Execution halted
Flavor: r-patched-solaris-x86

Version: 0.1.7
Check: tests
Result: ERROR
     Running ‘testthat.R’ [46s/140s]
    Running the tests in ‘tests/testthat.R’ failed.
    Complete output:
     > library(testthat)
     > library(lpirfs)
     >
     > test_check("lpirfs")
     ── 1. Failure: Test that data is correctly computed. (@test-lp_lin_panel.R#737)
     `c_exog_data_manual` not equal to `c_exog_data_output`.
     Attributes: < Component "na.action": Names: 30 string mismatches >
     Attributes: < Component "na.action": Mean relative difference: 0.1646341 >
    
     ── 2. Failure: Test that data is correctly computed. (@test-lp_lin_panel.R#783)
     `l_exog_data_output` not equal to `l_exog_data_manual`.
     Attributes: < Names: 1 string mismatch >
     Attributes: < Length mismatch: comparison on first 2 components >
     Attributes: < Component "class": Lengths (3, 1) differ (string compare on first 1) >
     Attributes: < Component "class": 1 string mismatch >
     Attributes: < Component 2: Lengths: 30, 270 >
     Attributes: < Component 2: names for target but not for current >
     Attributes: < Component 2: Attributes: < Modes: list, NULL > >
     Attributes: < Component 2: Attributes: < Lengths: 1, 0 > >
     Attributes: < Component 2: Attributes: < names for target but not for current > >
     ...
    
     ── 3. Error: Check output of switching variable I (@test-lp_nl_panel.R#948) ───
     object 'shock_s1' not found
     Backtrace:
     1. lpirfs::lp_nl_panel(...)
     6. plm:::model.frame.pdata.frame(...)
     8. Formula:::model.frame.Formula(...)
     10. stats::model.frame.default(...)
     11. [ base::eval(...) ] with 1 more call
    
     ══ testthat results ═══════════════════════════════════════════════════════════
     [ OK: 168 | SKIPPED: 0 | WARNINGS: 1 | FAILED: 3 ]
     1. Failure: Test that data is correctly computed. (@test-lp_lin_panel.R#737)
     2. Failure: Test that data is correctly computed. (@test-lp_lin_panel.R#783)
     3. Error: Check output of switching variable I (@test-lp_nl_panel.R#948)
    
     Error: testthat unit tests failed
     Execution halted
Flavor: r-release-linux-x86_64

Version: 0.1.7
Check: running tests for arch ‘i386’
Result: ERROR
     Running 'testthat.R' [111s]
    Running the tests in 'tests/testthat.R' failed.
    Complete output:
     > library(testthat)
     > library(lpirfs)
     >
     > test_check("lpirfs")
     -- 1. Failure: Test that data is correctly computed. (@test-lp_lin_panel.R#737)
     `c_exog_data_manual` not equal to `c_exog_data_output`.
     Attributes: < Component "na.action": Names: 30 string mismatches >
     Attributes: < Component "na.action": Mean relative difference: 0.1646341 >
    
     -- 2. Failure: Test that data is correctly computed. (@test-lp_lin_panel.R#783)
     `l_exog_data_output` not equal to `l_exog_data_manual`.
     Attributes: < Names: 1 string mismatch >
     Attributes: < Length mismatch: comparison on first 2 components >
     Attributes: < Component "class": Lengths (3, 1) differ (string compare on first 1) >
     Attributes: < Component "class": 1 string mismatch >
     Attributes: < Component 2: Lengths: 30, 270 >
     Attributes: < Component 2: names for target but not for current >
     Attributes: < Component 2: Attributes: < Modes: list, NULL > >
     Attributes: < Component 2: Attributes: < Lengths: 1, 0 > >
     Attributes: < Component 2: Attributes: < names for target but not for current > >
     ...
    
     -- 3. Error: Check output of switching variable I (@test-lp_nl_panel.R#948) ---
     object 'shock_s1' not found
     Backtrace:
     1. lpirfs::lp_nl_panel(...)
     6. plm:::model.frame.pdata.frame(...)
     8. Formula:::model.frame.Formula(...)
     10. stats::model.frame.default(...)
     11. [ base::eval(...) ] with 1 more call
    
     == testthat results ===========================================================
     [ OK: 168 | SKIPPED: 0 | WARNINGS: 1 | FAILED: 3 ]
     1. Failure: Test that data is correctly computed. (@test-lp_lin_panel.R#737)
     2. Failure: Test that data is correctly computed. (@test-lp_lin_panel.R#783)
     3. Error: Check output of switching variable I (@test-lp_nl_panel.R#948)
    
     Error: testthat unit tests failed
     Execution halted
Flavor: r-release-windows-ix86+x86_64

Version: 0.1.7
Check: running tests for arch ‘x64’
Result: ERROR
     Running 'testthat.R' [104s]
    Running the tests in 'tests/testthat.R' failed.
    Complete output:
     > library(testthat)
     > library(lpirfs)
     >
     > test_check("lpirfs")
     -- 1. Failure: Test that data is correctly computed. (@test-lp_lin_panel.R#737)
     `c_exog_data_manual` not equal to `c_exog_data_output`.
     Attributes: < Component "na.action": Names: 30 string mismatches >
     Attributes: < Component "na.action": Mean relative difference: 0.1646341 >
    
     -- 2. Failure: Test that data is correctly computed. (@test-lp_lin_panel.R#783)
     `l_exog_data_output` not equal to `l_exog_data_manual`.
     Attributes: < Names: 1 string mismatch >
     Attributes: < Length mismatch: comparison on first 2 components >
     Attributes: < Component "class": Lengths (3, 1) differ (string compare on first 1) >
     Attributes: < Component "class": 1 string mismatch >
     Attributes: < Component 2: Lengths: 30, 270 >
     Attributes: < Component 2: names for target but not for current >
     Attributes: < Component 2: Attributes: < Modes: list, NULL > >
     Attributes: < Component 2: Attributes: < Lengths: 1, 0 > >
     Attributes: < Component 2: Attributes: < names for target but not for current > >
     ...
    
     -- 3. Error: Check output of switching variable I (@test-lp_nl_panel.R#948) ---
     object 'shock_s1' not found
     Backtrace:
     1. lpirfs::lp_nl_panel(...)
     6. plm:::model.frame.pdata.frame(...)
     8. Formula:::model.frame.Formula(...)
     10. stats::model.frame.default(...)
     11. [ base::eval(...) ] with 1 more call
    
     == testthat results ===========================================================
     [ OK: 168 | SKIPPED: 0 | WARNINGS: 1 | FAILED: 3 ]
     1. Failure: Test that data is correctly computed. (@test-lp_lin_panel.R#737)
     2. Failure: Test that data is correctly computed. (@test-lp_lin_panel.R#783)
     3. Error: Check output of switching variable I (@test-lp_nl_panel.R#948)
    
     Error: testthat unit tests failed
     Execution halted
Flavor: r-release-windows-ix86+x86_64

Version: 0.1.7
Check: running tests for arch ‘i386’
Result: ERROR
     Running 'testthat.R' [138s]
    Running the tests in 'tests/testthat.R' failed.
    Complete output:
     > library(testthat)
     > library(lpirfs)
     >
     > test_check("lpirfs")
     -- 1. Failure: Test that data is correctly computed. (@test-lp_lin_panel.R#737)
     `c_exog_data_manual` not equal to `c_exog_data_output`.
     Attributes: < Component "na.action": Names: 30 string mismatches >
     Attributes: < Component "na.action": Mean relative difference: 0.1646341 >
    
     -- 2. Failure: Test that data is correctly computed. (@test-lp_lin_panel.R#783)
     `l_exog_data_output` not equal to `l_exog_data_manual`.
     Attributes: < Names: 1 string mismatch >
     Attributes: < Length mismatch: comparison on first 2 components >
     Attributes: < Component "class": Lengths (3, 1) differ (string compare on first 1) >
     Attributes: < Component "class": 1 string mismatch >
     Attributes: < Component 2: Lengths: 30, 270 >
     Attributes: < Component 2: names for target but not for current >
     Attributes: < Component 2: Attributes: < Modes: list, NULL > >
     Attributes: < Component 2: Attributes: < Lengths: 1, 0 > >
     Attributes: < Component 2: Attributes: < names for target but not for current > >
     ...
    
     -- 3. Error: Check output of switching variable I (@test-lp_nl_panel.R#948) ---
     object 'shock_s1' not found
     Backtrace:
     1. lpirfs::lp_nl_panel(...)
     6. plm:::model.frame.pdata.frame(...)
     8. Formula:::model.frame.Formula(...)
     10. stats::model.frame.default(...)
     11. [ base::eval(...) ] with 1 more call
    
     == testthat results ===========================================================
     [ OK: 168 | SKIPPED: 0 | WARNINGS: 1 | FAILED: 3 ]
     1. Failure: Test that data is correctly computed. (@test-lp_lin_panel.R#737)
     2. Failure: Test that data is correctly computed. (@test-lp_lin_panel.R#783)
     3. Error: Check output of switching variable I (@test-lp_nl_panel.R#948)
    
     Error: testthat unit tests failed
     Execution halted
Flavor: r-oldrel-windows-ix86+x86_64

Version: 0.1.7
Check: running tests for arch ‘x64’
Result: ERROR
     Running 'testthat.R' [140s]
    Running the tests in 'tests/testthat.R' failed.
    Complete output:
     > library(testthat)
     > library(lpirfs)
     >
     > test_check("lpirfs")
     -- 1. Failure: Test that data is correctly computed. (@test-lp_lin_panel.R#737)
     `c_exog_data_manual` not equal to `c_exog_data_output`.
     Attributes: < Component "na.action": Names: 30 string mismatches >
     Attributes: < Component "na.action": Mean relative difference: 0.1646341 >
    
     -- 2. Failure: Test that data is correctly computed. (@test-lp_lin_panel.R#783)
     `l_exog_data_output` not equal to `l_exog_data_manual`.
     Attributes: < Names: 1 string mismatch >
     Attributes: < Length mismatch: comparison on first 2 components >
     Attributes: < Component "class": Lengths (3, 1) differ (string compare on first 1) >
     Attributes: < Component "class": 1 string mismatch >
     Attributes: < Component 2: Lengths: 30, 270 >
     Attributes: < Component 2: names for target but not for current >
     Attributes: < Component 2: Attributes: < Modes: list, NULL > >
     Attributes: < Component 2: Attributes: < Lengths: 1, 0 > >
     Attributes: < Component 2: Attributes: < names for target but not for current > >
     ...
    
     -- 3. Error: Check output of switching variable I (@test-lp_nl_panel.R#948) ---
     object 'shock_s1' not found
     Backtrace:
     1. lpirfs::lp_nl_panel(...)
     6. plm:::model.frame.pdata.frame(...)
     8. Formula:::model.frame.Formula(...)
     10. stats::model.frame.default(...)
     11. [ base::eval(...) ] with 1 more call
    
     == testthat results ===========================================================
     [ OK: 168 | SKIPPED: 0 | WARNINGS: 1 | FAILED: 3 ]
     1. Failure: Test that data is correctly computed. (@test-lp_lin_panel.R#737)
     2. Failure: Test that data is correctly computed. (@test-lp_lin_panel.R#783)
     3. Error: Check output of switching variable I (@test-lp_nl_panel.R#948)
    
     Error: testthat unit tests failed
     Execution halted
Flavor: r-oldrel-windows-ix86+x86_64