CRAN Package Check Results for Package loon.data

Last updated on 2020-07-02 15:54:02 CEST.

Flavor Version Tinstall Tcheck Ttotal Status Flags
r-devel-linux-x86_64-debian-clang 0.1.0 2.61 30.79 33.40 WARN
r-devel-linux-x86_64-debian-gcc 0.1.0 1.89 24.93 26.82 OK
r-devel-linux-x86_64-fedora-clang 0.1.0 48.29 NOTE
r-devel-linux-x86_64-fedora-gcc 0.1.0 39.18 NOTE
r-devel-windows-ix86+x86_64 0.1.0 14.00 43.00 57.00 OK
r-patched-linux-x86_64 0.1.0 2.33 30.88 33.21 OK
r-patched-solaris-x86 0.1.0 65.10 NOTE
r-release-linux-x86_64 0.1.0 2.33 30.45 32.78 OK
r-release-osx-x86_64 0.1.0 NOTE
r-release-windows-ix86+x86_64 0.1.0 6.00 42.00 48.00 OK
r-oldrel-osx-x86_64 0.1.0 NOTE
r-oldrel-windows-ix86+x86_64 0.1.0 8.00 62.00 70.00 OK

Check Details

Version: 0.1.0
Check: for code/documentation mismatches
Result: WARN
    Warning in load(zfile, envir = tmp_env) :
     strings not representable in native encoding will be translated to UTF-8
Flavor: r-devel-linux-x86_64-debian-clang

Version: 0.1.0
Check: contents of ‘data’ directory
Result: WARN
    Output for data("covidNZ", package = "loon.data"):
     Warning message:
     In load(zfile, envir = tmp_env) :
     strings not representable in native encoding will be translated to UTF-8
Flavor: r-devel-linux-x86_64-debian-clang

Version: 0.1.0
Check: data for non-ASCII characters
Result: NOTE
     Note: found 994 marked Latin-1 strings
     Note: found 3 marked UTF-8 strings
Flavors: r-devel-linux-x86_64-fedora-clang, r-devel-linux-x86_64-fedora-gcc, r-patched-solaris-x86, r-release-osx-x86_64, r-oldrel-osx-x86_64