CRAN Package Check Results for Package lolR

Last updated on 2023-11-30 16:49:27 CET.

Flavor Version Tinstall Tcheck Ttotal Status Flags
r-devel-linux-x86_64-debian-clang 2.1 9.82 265.25 275.07 NOTE
r-devel-linux-x86_64-debian-gcc 2.1 9.25 193.11 202.36 NOTE
r-devel-linux-x86_64-fedora-clang 2.1 342.89 NOTE
r-devel-linux-x86_64-fedora-gcc 2.1 333.94 NOTE
r-devel-windows-x86_64 2.1 10.00 214.00 224.00 NOTE
r-patched-linux-x86_64 2.1 10.13 253.63 263.76 NOTE
r-release-linux-x86_64 2.1 11.02 250.81 261.83 NOTE
r-release-macos-arm64 2.1 116.00 NOTE
r-release-macos-x86_64 2.1 189.00 NOTE
r-release-windows-x86_64 2.1 14.00 264.00 278.00 NOTE
r-oldrel-macos-arm64 2.1 98.00 NOTE
r-oldrel-macos-x86_64 2.1 162.00 NOTE
r-oldrel-windows-x86_64 2.1 14.00 254.00 268.00 NOTE

Check Details

Version: 2.1
Check: Rd files
Result: NOTE checkRd: (-1) lol.project.lrlda.Rd:18: Lost braces in \itemize; meant \describe ? checkRd: (-1) lol.project.lrlda.Rd:19: Lost braces in \itemize; meant \describe ? checkRd: (-1) lol.project.lrlda.Rd:20: Lost braces in \itemize; meant \describe ? checkRd: (-1) lol.project.lrlda.Rd:21: Lost braces in \itemize; meant \describe ? checkRd: (-1) lol.project.lrlda.Rd:22: Lost braces in \itemize; meant \describe ? checkRd: (-1) lol.project.pca.Rd:16: Lost braces in \itemize; meant \describe ? checkRd: (-1) lol.project.pca.Rd:17: Lost braces in \itemize; meant \describe ? checkRd: (-1) lol.project.pca.Rd:18: Lost braces in \itemize; meant \describe ? checkRd: (-1) lol.project.pca.Rd:19: Lost braces in \itemize; meant \describe ? checkRd: (-1) lol.project.pca.Rd:20: Lost braces in \itemize; meant \describe ? checkRd: (-1) lol.sims.fat_tails.Rd:25: Lost braces; missing escapes or markup? 25 | \item{f}{the fatness scaling of the tail. S2 = f*S1, where S1_{ij} = rho if i != j, and 1 if i == j. Defaults to \code{15}.} | ^ checkRd: (-1) lol.sims.mean_diff.Rd:36: Lost braces; missing escapes or markup? 36 | \item{s}{the scaling parameter of the covariance matrix. S_{ij} = scaling*1 if i == j, or scaling*offdiag if i != j. Defaults to \code{1}.} | ^ checkRd: (-1) lol.utils.decomp.Rd:21: Lost braces in \itemize; meant \describe ? checkRd: (-1) lol.utils.decomp.Rd:22: Lost braces in \itemize; meant \describe ? checkRd: (-1) lol.utils.decomp.Rd:23: Lost braces in \itemize; meant \describe ? checkRd: (-1) lol.utils.decomp.Rd:24: Lost braces in \itemize; meant \describe ? checkRd: (-1) lol.utils.decomp.Rd:25: Lost braces in \itemize; meant \describe ? checkRd: (-1) lol.xval.eval.Rd:31: Lost braces; missing escapes or markup? 31 | \item{alg}{the algorithm to use for embedding. Should be a function that accepts inputs \code{X}, \code{Y}, and has a parameter for \code{alg.dimname} if \code{alg} is supervised, or just \code{X} and \code{alg.dimname} if \code{alg} is unsupervised.This algorithm should return a list containing a matrix that embeds from {d} to {r <= d} dimensions.} | ^ checkRd: (-1) lol.xval.eval.Rd:31: Lost braces; missing escapes or markup? 31 | \item{alg}{the algorithm to use for embedding. Should be a function that accepts inputs \code{X}, \code{Y}, and has a parameter for \code{alg.dimname} if \code{alg} is supervised, or just \code{X} and \code{alg.dimname} if \code{alg} is unsupervised.This algorithm should return a list containing a matrix that embeds from {d} to {r <= d} dimensions.} | ^ checkRd: (-1) lol.xval.eval.Rd:68: Lost braces 68 | \item{if ]code{rank.low == TRUE}, users cross-validation method with \code{ntrain = min((k-1)/k*n, d)} sample training sets, where \code{d} is the number of dimensions in \code{X}. This ensures that the training data is always low-rank, \code{ntrain < d + 1}. Note that the resulting training sets may have \code{ntrain < (k-1)/k*n}, but the resulting testing sets will always be properly rotated \code{ntest = n/k} to ensure no dependencies in fold-wise testing.} | ^ checkRd: (-1) lol.xval.optimal_dimselect.Rd:32: Lost braces; missing escapes or markup? 32 | \item{alg}{the algorithm to use for embedding. Should be a function that accepts inputs \code{X} and \code{Y} and embedding dimension \code{r} if \code{alg} is supervised, or just \code{X} and embedding dimension \code{r} if \code{alg} is unsupervised.This algorithm should return a list containing a matrix that embeds from {d} to {r < d} dimensions.} | ^ checkRd: (-1) lol.xval.optimal_dimselect.Rd:32: Lost braces; missing escapes or markup? 32 | \item{alg}{the algorithm to use for embedding. Should be a function that accepts inputs \code{X} and \code{Y} and embedding dimension \code{r} if \code{alg} is supervised, or just \code{X} and embedding dimension \code{r} if \code{alg} is unsupervised.This algorithm should return a list containing a matrix that embeds from {d} to {r < d} dimensions.} | ^ checkRd: (-1) lol.xval.optimal_dimselect.Rd:75: Lost braces 75 | \item{if ]code{rank.low == TRUE}, users cross-validation method with \code{ntrain = min((k-1)/k*n, d)} sample training sets, where \code{d} is the number of dimensions in \code{X}. This ensures that the training data is always low-rank, \code{ntrain < d + 1}. Note that the resulting training sets may have \code{ntrain < (k-1)/k*n}, but the resulting testing sets will always be properly rotated \code{ntest = n/k} to ensure no dependencies in fold-wise testing.} | ^ checkRd: (-1) predict.nearestCentroid.Rd:12: Lost braces in \itemize; meant \describe ? checkRd: (-1) predict.nearestCentroid.Rd:13: Lost braces in \itemize; meant \describe ? checkRd: (-1) predict.nearestCentroid.Rd:14: Lost braces in \itemize; meant \describe ? checkRd: (-1) predict.randomChance.Rd:12: Lost braces in \itemize; meant \describe ? checkRd: (-1) predict.randomChance.Rd:13: Lost braces in \itemize; meant \describe ? checkRd: (-1) predict.randomGuess.Rd:12: Lost braces in \itemize; meant \describe ? checkRd: (-1) predict.randomGuess.Rd:13: Lost braces in \itemize; meant \describe ? Flavors: r-devel-linux-x86_64-debian-clang, r-devel-linux-x86_64-debian-gcc

Version: 2.1
Check: LazyData
Result: NOTE 'LazyData' is specified without a 'data' directory Flavors: r-devel-linux-x86_64-debian-clang, r-devel-linux-x86_64-debian-gcc, r-devel-linux-x86_64-fedora-clang, r-devel-linux-x86_64-fedora-gcc, r-devel-windows-x86_64, r-patched-linux-x86_64, r-release-linux-x86_64, r-release-macos-arm64, r-release-macos-x86_64, r-release-windows-x86_64, r-oldrel-macos-arm64, r-oldrel-macos-x86_64, r-oldrel-windows-x86_64

Version: 2.1
Check: dependencies in R code
Result: NOTE Namespace in Imports field not imported from: ‘ggplot2’ All declared Imports should be used. Flavors: r-devel-linux-x86_64-fedora-clang, r-devel-linux-x86_64-fedora-gcc, r-oldrel-macos-arm64, r-oldrel-macos-x86_64