CRAN Package Check Results for Package logitr

Last updated on 2024-03-02 04:48:26 CET.

Flavor Version Tinstall Tcheck Ttotal Status Flags
r-devel-linux-x86_64-debian-clang 1.1.1 7.05 177.43 184.48 NOTE
r-devel-linux-x86_64-debian-gcc 1.1.1 5.16 138.48 143.64 NOTE
r-devel-linux-x86_64-fedora-clang 1.1.1 240.19 NOTE
r-devel-linux-x86_64-fedora-gcc 1.1.1 235.90 NOTE
r-devel-windows-x86_64 1.1.1 8.00 202.00 210.00 OK
r-patched-linux-x86_64 1.1.1 4.48 175.01 179.49 OK
r-release-linux-x86_64 1.1.1 4.14 175.21 179.35 OK
r-release-macos-arm64 1.1.1 88.00 OK
r-release-macos-x86_64 1.1.1 161.00 OK
r-release-windows-x86_64 1.1.1 9.00 235.00 244.00 OK
r-oldrel-macos-arm64 1.1.1 82.00 OK
r-oldrel-windows-x86_64 1.1.1 9.00 241.00 250.00 OK

Check Details

Version: 1.1.1
Check: package dependencies
Result: NOTE Package suggested but not available for checking: ‘apollo’ Flavors: r-devel-linux-x86_64-debian-clang, r-devel-linux-x86_64-fedora-clang

Version: 1.1.1
Check: Rd files
Result: NOTE checkRd: (-1) apolloModeChoiceData.Rd:6: Lost braces; missing escapes or markup? 6 | \title{Simulated SP dataset of mode choice (from the {apollo} package).} | ^ checkRd: (-1) electricity.Rd:6: Lost braces; missing escapes or markup? 6 | \title{Stated preference data for the choice of electricity suppliers (from {mlogit} package)} | ^ checkRd: (-1) runtimes.Rd:24: Lost braces; missing escapes or markup? 24 | using the following R packages: {logitr}, {mixl}, {mlogit}, {gmnl}, and | ^ checkRd: (-1) runtimes.Rd:24: Lost braces; missing escapes or markup? 24 | using the following R packages: {logitr}, {mixl}, {mlogit}, {gmnl}, and | ^ checkRd: (-1) runtimes.Rd:24: Lost braces; missing escapes or markup? 24 | using the following R packages: {logitr}, {mixl}, {mlogit}, {gmnl}, and | ^ checkRd: (-1) runtimes.Rd:24: Lost braces; missing escapes or markup? 24 | using the following R packages: {logitr}, {mixl}, {mlogit}, {gmnl}, and | ^ checkRd: (-1) runtimes.Rd:25: Lost braces; missing escapes or markup? 25 | {apollo}. The run times are exported from the Google colab notebook here: | ^ Flavors: r-devel-linux-x86_64-debian-clang, r-devel-linux-x86_64-debian-gcc, r-devel-linux-x86_64-fedora-clang, r-devel-linux-x86_64-fedora-gcc