CRAN Package Check Results for Package logger

Last updated on 2021-12-06 16:48:53 CET.

Flavor Version Tinstall Tcheck Ttotal Status Flags
r-devel-linux-x86_64-debian-clang 0.2.2 4.02 55.79 59.81 OK
r-devel-linux-x86_64-debian-gcc 0.2.2 2.97 43.56 46.53 OK
r-devel-linux-x86_64-fedora-clang 0.2.2 72.92 OK
r-devel-linux-x86_64-fedora-gcc 0.2.2 61.49 OK
r-devel-windows-x86_64-new-UL 0.2.2 17.00 120.00 137.00 NOTE
r-devel-windows-x86_64-new-TK 0.2.2 NOTE
r-devel-windows-x86_64-old 0.2.2 7.00 68.00 75.00 NOTE
r-patched-linux-x86_64 0.2.2 4.87 49.06 53.93 OK
r-release-linux-x86_64 0.2.2 3.83 57.31 61.14 OK
r-release-macos-arm64 0.2.2 OK
r-release-macos-x86_64 0.2.2 OK
r-release-windows-ix86+x86_64 0.2.2 8.00 81.00 89.00 NOTE
r-oldrel-macos-x86_64 0.2.2 OK
r-oldrel-windows-ix86+x86_64 0.2.2 28.00 78.00 106.00 NOTE

Check Details

Version: 0.2.2
Check: package dependencies
Result: NOTE
    Package suggested but not available for checking: 'rsyslog'
Flavors: r-devel-windows-x86_64-new-UL, r-devel-windows-x86_64-new-TK, r-devel-windows-x86_64-old, r-release-windows-ix86+x86_64, r-oldrel-windows-ix86+x86_64

Version: 0.2.2
Check: Rd cross-references
Result: NOTE
    Package unavailable to check Rd xrefs: 'rsyslog'
Flavors: r-devel-windows-x86_64-new-UL, r-devel-windows-x86_64-new-TK, r-devel-windows-x86_64-old, r-release-windows-ix86+x86_64, r-oldrel-windows-ix86+x86_64