CRAN Package Check Results for Package localgauss

Last updated on 2024-03-02 16:54:49 CET.

Flavor Version Tinstall Tcheck Ttotal Status Flags
r-devel-linux-x86_64-debian-clang 0.41 10.63 49.49 60.12 OK
r-devel-linux-x86_64-debian-gcc 0.41 7.26 40.20 47.46 OK
r-devel-linux-x86_64-fedora-clang 0.41 73.84 NOTE
r-devel-linux-x86_64-fedora-gcc 0.41 71.88 NOTE
r-devel-windows-x86_64 0.41 11.00 70.00 81.00 OK
r-patched-linux-x86_64 0.41 9.66 49.89 59.55 OK
r-release-linux-x86_64 0.41 9.70 49.37 59.07 OK
r-release-macos-arm64 0.41 31.00 OK
r-release-macos-x86_64 0.41 43.00 OK
r-release-windows-x86_64 0.41 15.00 79.00 94.00 OK
r-oldrel-macos-arm64 0.41 33.00 OK
r-oldrel-windows-x86_64 0.41 14.00 76.00 90.00 OK

Check Details

Version: 0.41
Check: compiled code
Result: NOTE File ‘localgauss/libs/localgauss.so’: Found no calls to: ‘R_registerRoutines’, ‘R_useDynamicSymbols’ It is good practice to register native routines and to disable symbol search. See ‘Writing portable packages’ in the ‘Writing R Extensions’ manual. Flavors: r-devel-linux-x86_64-fedora-clang, r-devel-linux-x86_64-fedora-gcc