CRAN Package Check Results for Package localIV

Last updated on 2024-03-02 04:48:26 CET.

Flavor Version Tinstall Tcheck Ttotal Status Flags
r-devel-linux-x86_64-debian-clang 0.3.1 3.78 51.67 55.45 NOTE
r-devel-linux-x86_64-debian-gcc 0.3.1 2.84 38.24 41.08 NOTE
r-devel-linux-x86_64-fedora-clang 0.3.1 67.99 NOTE
r-devel-linux-x86_64-fedora-gcc 0.3.1 64.45 NOTE
r-devel-windows-x86_64 0.3.1 4.00 59.00 63.00 OK
r-patched-linux-x86_64 0.3.1 3.91 48.28 52.19 OK
r-release-linux-x86_64 0.3.1 3.41 48.58 51.99 OK
r-release-macos-arm64 0.3.1 31.00 OK
r-release-macos-x86_64 0.3.1 45.00 OK
r-release-windows-x86_64 0.3.1 6.00 69.00 75.00 OK
r-oldrel-macos-arm64 0.3.1 27.00 OK
r-oldrel-windows-x86_64 0.3.1 6.00 69.00 75.00 OK

Check Details

Version: 0.3.1
Check: Rd files
Result: NOTE checkRd: (-1) mte_tilde_at.Rd:23: Lost braces in \itemize; \value handles \item{}{} directly checkRd: (-1) mte_tilde_at.Rd:24: Lost braces in \itemize; \value handles \item{}{} directly checkRd: (-1) mte_tilde_at.Rd:25: Lost braces in \itemize; \value handles \item{}{} directly checkRd: (-1) mte_tilde_at.Rd:26: Lost braces in \itemize; \value handles \item{}{} directly checkRd: (-1) mte_tilde_at.Rd:27: Lost braces in \itemize; \value handles \item{}{} directly Flavors: r-devel-linux-x86_64-debian-clang, r-devel-linux-x86_64-debian-gcc, r-devel-linux-x86_64-fedora-clang, r-devel-linux-x86_64-fedora-gcc