CRAN Package Check Results for Package localIV

Last updated on 2020-08-11 03:47:54 CEST.

Flavor Version Tinstall Tcheck Ttotal Status Flags
r-devel-linux-x86_64-debian-clang 0.3.1 2.54 43.52 46.06 OK
r-devel-linux-x86_64-debian-gcc 0.3.1 2.14 33.29 35.43 OK
r-devel-linux-x86_64-fedora-clang 0.3.1 62.19 OK
r-devel-linux-x86_64-fedora-gcc 0.3.1 52.38 OK
r-devel-windows-ix86+x86_64 0.3.1 14.00 68.00 82.00 OK
r-patched-linux-x86_64 0.3.1 2.31 42.53 44.84 OK
r-patched-solaris-x86 0.3.1 80.20 NOTE
r-release-linux-x86_64 0.3.1 2.42 42.63 45.05 OK
r-release-macos-x86_64 0.3.1 OK
r-release-windows-ix86+x86_64 0.3.1 10.00 57.00 67.00 OK
r-oldrel-macos-x86_64 0.3.1 OK
r-oldrel-windows-ix86+x86_64 0.3.1 5.00 56.00 61.00 OK

Check Details

Version: 0.3.1
Check: package dependencies
Result: NOTE
    Package suggested but not available for checking: ‘tidyr’
Flavor: r-patched-solaris-x86