Last updated on 2023-09-27 16:03:20 CEST.
Flavor | Version | Tinstall | Tcheck | Ttotal | Status | Flags |
---|---|---|---|---|---|---|
r-devel-linux-x86_64-debian-clang | 3.1-3 | 14.78 | 281.22 | 296.00 | OK | |
r-devel-linux-x86_64-debian-gcc | 3.1-3 | 11.10 | 207.92 | 219.02 | OK | |
r-devel-linux-x86_64-fedora-clang | 3.1-3 | 352.86 | OK | |||
r-devel-linux-x86_64-fedora-gcc | 3.1-3 | 347.56 | OK | |||
r-devel-windows-x86_64 | 3.1-3 | 17.00 | 208.00 | 225.00 | OK | |
r-patched-linux-x86_64 | 3.1-3 | 10.80 | 267.54 | 278.34 | OK | |
r-release-linux-x86_64 | 3.1-3 | 9.89 | 270.13 | 280.02 | OK | |
r-release-macos-arm64 | 3.1-3 | 108.00 | OK | |||
r-release-macos-x86_64 | 3.1-3 | 183.00 | NOTE | |||
r-release-windows-x86_64 | 3.1-3 | 18.00 | 268.00 | 286.00 | OK | |
r-oldrel-macos-arm64 | 3.1-3 | 98.00 | OK | |||
r-oldrel-macos-x86_64 | 3.1-3 | 172.00 | OK | |||
r-oldrel-windows-x86_64 | 3.1-3 | 20.00 | 261.00 | 281.00 | OK |
Version: 3.1-3
Check: package dependencies
Result: NOTE
Package suggested but not available for checking: ‘pbkrtest’
Flavor: r-release-macos-x86_64
Version: 3.1-3
Check: Rd cross-references
Result: NOTE
Package unavailable to check Rd xrefs: ‘pbkrtest’
Flavor: r-release-macos-x86_64