CRAN Package Check Results for Package lme4

Last updated on 2020-07-12 15:49:04 CEST.

Flavor Version Tinstall Tcheck Ttotal Status Flags
r-devel-linux-x86_64-debian-clang 1.1-23 115.42 743.45 858.87 OK
r-devel-linux-x86_64-debian-gcc 1.1-23 83.34 555.02 638.36 OK
r-devel-linux-x86_64-fedora-clang 1.1-23 1024.87 NOTE
r-devel-linux-x86_64-fedora-gcc 1.1-23 1035.68 OK
r-devel-windows-ix86+x86_64 1.1-23 177.00 1773.00 1950.00 NOTE
r-patched-linux-x86_64 1.1-23 92.02 727.64 819.66 OK
r-patched-solaris-x86 1.1-23 1340.50 NOTE
r-release-linux-x86_64 1.1-23 91.12 736.43 827.55 OK
r-release-macos-x86_64 1.1-23 ERROR
r-release-windows-ix86+x86_64 1.1-23 240.00 1329.00 1569.00 NOTE
r-oldrel-macos-x86_64 1.1-23 NOTE
r-oldrel-windows-ix86+x86_64 1.1-23 218.00 1331.00 1549.00 NOTE

Additional issues

gcc-UBSAN

Check Details

Version: 1.1-23
Check: installed package size
Result: NOTE
     installed size is 27.2Mb
     sub-directories of 1Mb or more:
     R 1.5Mb
     doc 2.4Mb
     libs 20.7Mb
     testdata 1.6Mb
Flavors: r-devel-linux-x86_64-fedora-clang, r-devel-windows-ix86+x86_64, r-patched-solaris-x86, r-release-macos-x86_64, r-release-windows-ix86+x86_64, r-oldrel-macos-x86_64, r-oldrel-windows-ix86+x86_64

Version: 1.1-23
Check: tests
Result: ERROR
     Running ‘AAAtest-all.R’ [85s/125s]
    Running the tests in ‘tests/AAAtest-all.R’ failed.
    Last 13 lines of output:
     + test_check(pkg)
     + ##======== ^^^
     + print(warnings()) # TODO? catch most of these by expect_warning(..)
     + } else {
     + cat( "package 'testthat' not available, cannot run unit tests\n" )
     + }
     ── 1. Failure: missDataFun (@test-formulaEval.R#218) ──────────────────────────
     t2[["elapsed"]] is not less than 1/4 * t1[["elapsed"]]. Difference: 0.049
    
     ══ testthat results ═══════════════════════════════════════════════════════════
     [ OK: 790 | SKIPPED: 0 | WARNINGS: 0 | FAILED: 1 ]
     1. Failure: missDataFun (@test-formulaEval.R#218)
    
     Error: testthat unit tests failed
     Execution halted
Flavor: r-release-macos-x86_64