CRAN Package Check Results for Package lmds

Last updated on 2020-08-11 03:47:54 CEST.

Flavor Version Tinstall Tcheck Ttotal Status Flags
r-devel-linux-x86_64-debian-clang 0.1.0 8.83 85.97 94.80 OK
r-devel-linux-x86_64-debian-gcc 0.1.0 7.05 63.67 70.72 OK
r-devel-linux-x86_64-fedora-clang 0.1.0 119.02 NOTE
r-devel-linux-x86_64-fedora-gcc 0.1.0 105.27 NOTE
r-devel-windows-ix86+x86_64 0.1.0 20.00 121.00 141.00 OK
r-patched-linux-x86_64 0.1.0 7.96 83.14 91.10 OK
r-patched-solaris-x86 0.1.0 176.80 NOTE
r-release-linux-x86_64 0.1.0 8.06 83.34 91.40 OK
r-release-macos-x86_64 0.1.0 NOTE
r-release-windows-ix86+x86_64 0.1.0 25.00 94.00 119.00 OK
r-oldrel-macos-x86_64 0.1.0 NOTE
r-oldrel-windows-ix86+x86_64 0.1.0 16.00 114.00 130.00 OK

Check Details

Version: 0.1.0
Check: dependencies in R code
Result: NOTE
    Namespace in Imports field not imported from: ‘Matrix’
     All declared Imports should be used.
Flavors: r-devel-linux-x86_64-fedora-clang, r-devel-linux-x86_64-fedora-gcc, r-patched-solaris-x86, r-release-macos-x86_64, r-oldrel-macos-x86_64